{"id":85,"date":"2019-01-14T12:43:37","date_gmt":"2019-01-14T12:43:37","guid":{"rendered":"http:\/\/smsafemode.com\/tienda\/?post_type=product&#038;p=85"},"modified":"2026-01-18T18:50:03","modified_gmt":"2026-01-18T23:50:03","slug":"video-5-minutos-por-encargo","status":"publish","type":"product","link":"https:\/\/smsafemode.com\/tienda\/producto\/video-5-minutos-por-encargo\/","title":{"rendered":"Video 5 minutos por encargo"},"content":{"rendered":"<p>&nbsp;<\/p>\n<p>Sabemos que las personas muestran un mayor inter\u00e9s ante elementos o recursos audiovisuales con los cuales se puede ser claros y efectivos para la difusi\u00f3n de informaci\u00f3n, por esto creamos este servicio de videos bajo demanda gracias a los cuales nuestros clientes se apoyan en esta soluci\u00f3n para crear un video profesional a un excelente precio, algunas de las utilidades que se le puede dar a este servicio son:<\/p>\n<ul>\n<li>Video de presentaci\u00f3n empresarial<\/li>\n<li>Explicaciones<\/li>\n<li>Capacitaciones<\/li>\n<li>Servicios educativos<\/li>\n<li>Comunicados<\/li>\n<li>Comerciales<\/li>\n<\/ul>\n<p>Con este servicio seguimos los siguientes pasos para lograr su satisfacci\u00f3n y poder plasmar lo que usted tiene en mente en un video:<\/p>\n<ul>\n<li><strong>Acuchamos sus ideas:<\/strong> Esto significa que realizamos una reuni\u00f3n en la cual escuchamos lo que usted busca en su video, as\u00ed como tambi\u00e9n proponemos ideas que consideremos convenientes para que el video tenga un mejor resultado.<\/li>\n<li><strong>Creamos un guion del video:<\/strong> en el cual se plasma lo que se va a mostrar en el video y posterior a esto lo presentamos para su aprobaci\u00f3n<\/li>\n<li><strong>Creamos una versi\u00f3n de revisi\u00f3n:<\/strong> Es un video de muestra para su correspondiente revisi\u00f3n en la cual estaremos atentos a sus comentarios, recomendaciones o correcciones para de esta manera poder lograr lo que usted busca.<\/li>\n<li><strong>Creamos una versi\u00f3n final de entrega:<\/strong> tenemos en cuenta todos los cambios y ajustes para crear una edici\u00f3n final lista para la entrega de video<\/li>\n<li><strong>Entrega de material: <\/strong>enviamos por correo electr\u00f3nico un enlace desde el cual se puede descargar el video en el formato y calidad solicitada con el cual podr\u00e1 ser usado y compartido desde cualquier medio.<\/li>\n<\/ul>\n","protected":false},"excerpt":{"rendered":"<p>Creamos un video con una duraci\u00f3n de <span style=\"color: #ff0000;\"><strong>5 minutos<\/strong><\/span> en el cual exponemos de manera adecuada el tema que tu quieras, logrando as\u00ed que el p\u00fablico al que va dirigido pueda conocer y entender el mensaje que tu les quieras dar con espectaculares animaciones y efectos, las siguientes son las caracter\u00edsticas de este servicio:<\/p>\n<ul>\n<li>Duraci\u00f3n de video: 3 minutos<\/li>\n<li>Calidad de video: Full HD o 4K<\/li>\n<li>Disponibilidad de descarga por 30 d\u00edas.<\/li>\n<li>Cualquier formato de video<\/li>\n<li>Narraci\u00f3n de video (voz masculina o femenina)<\/li>\n<li>Podemos subir por usted el video en cualquier plataforma (YouTube, Vimeo, Facebook, o cualquier otra)<\/li>\n<\/ul>\n<p><span style=\"color: #008000;\">Este servicio tiene un descuento especial por tiempo limitado desde nuestra tienda virtual.<\/span><\/p>\n","protected":false},"featured_media":87,"template":"","meta":{"inline_featured_image":false,"_joinchat":[]},"product_brand":[],"product_cat":[105],"product_tag":[110,109,111,108,107,112],"class_list":{"0":"post-85","1":"product","2":"type-product","3":"status-publish","4":"has-post-thumbnail","6":"product_cat-por-encargo","7":"product_tag-4k","8":"product_tag-creacion-de-videos","9":"product_tag-full-hd","10":"product_tag-safe-mode-video-services","11":"product_tag-servicios-de-video","12":"product_tag-videos-5-minutos","14":"first","15":"instock","16":"sale","17":"taxable","18":"shipping-taxable","19":"purchasable","20":"product-type-simple","21":"customify-col"},"yoast_head":"<!-- This site is optimized with the Yoast SEO plugin v26.7 - https:\/\/yoast.com\/wordpress\/plugins\/seo\/ -->\n<title>Video 5 minutos por encargo | Tienda Virtual Safe Mode<\/title>\n<meta name=\"description\" content=\"Creamos un video con una duraci\u00f3n de 3 minutos en el cual exponemos de manera adecuada el tema que tu quieras\" \/>\n<meta name=\"robots\" content=\"index, follow, max-snippet:-1, max-image-preview:large, max-video-preview:-1\" \/>\n<link rel=\"canonical\" href=\"https:\/\/smsafemode.com\/tienda\/producto\/video-5-minutos-por-encargo\/\" \/>\n<meta property=\"og:locale\" content=\"es_ES\" \/>\n<meta property=\"og:type\" content=\"article\" \/>\n<meta property=\"og:title\" content=\"Video 5 minutos por encargo | Tienda Virtual Safe Mode\" \/>\n<meta property=\"og:description\" content=\"Creamos un video con una duraci\u00f3n de 3 minutos en el cual exponemos de manera adecuada el tema que tu quieras\" \/>\n<meta property=\"og:url\" content=\"https:\/\/smsafemode.com\/tienda\/producto\/video-5-minutos-por-encargo\/\" \/>\n<meta property=\"og:site_name\" content=\"Tienda Virtual\" \/>\n<meta property=\"article:publisher\" content=\"https:\/\/www.facebook.com\/smsafemode\" \/>\n<meta property=\"article:modified_time\" content=\"2026-01-18T23:50:03+00:00\" \/>\n<meta property=\"og:image\" content=\"https:\/\/farm8.staticflickr.com\/7868\/39773707073_62520ce939_o.png\" \/>\n<meta name=\"twitter:card\" content=\"summary_large_image\" \/>\n<meta name=\"twitter:image\" content=\"https:\/\/farm8.staticflickr.com\/7868\/39773707073_62520ce939_o.png\" \/>\n<meta name=\"twitter:site\" content=\"@SMsafemode\" \/>\n<meta name=\"twitter:label1\" content=\"Tiempo de lectura\" \/>\n\t<meta name=\"twitter:data1\" content=\"2 minutos\" \/>\n<script type=\"application\/ld+json\" class=\"yoast-schema-graph\">{\"@context\":\"https:\/\/schema.org\",\"@graph\":[{\"@type\":\"WebPage\",\"@id\":\"https:\/\/smsafemode.com\/tienda\/producto\/video-5-minutos-por-encargo\/\",\"url\":\"https:\/\/smsafemode.com\/tienda\/producto\/video-5-minutos-por-encargo\/\",\"name\":\"Video 5 minutos por encargo | Tienda Virtual Safe Mode\",\"isPartOf\":{\"@id\":\"http:\/\/smsafemode.com\/tienda\/#website\"},\"primaryImageOfPage\":{\"@id\":\"https:\/\/smsafemode.com\/tienda\/producto\/video-5-minutos-por-encargo\/#primaryimage\"},\"image\":{\"@id\":\"https:\/\/smsafemode.com\/tienda\/producto\/video-5-minutos-por-encargo\/#primaryimage\"},\"thumbnailUrl\":\"https:\/\/farm8.staticflickr.com\/7868\/39773707073_62520ce939_o.png\",\"datePublished\":\"2019-01-14T12:43:37+00:00\",\"dateModified\":\"2026-01-18T23:50:03+00:00\",\"description\":\"Creamos un video con una duraci\u00f3n de 3 minutos en el cual exponemos de manera adecuada el tema que tu quieras\",\"breadcrumb\":{\"@id\":\"https:\/\/smsafemode.com\/tienda\/producto\/video-5-minutos-por-encargo\/#breadcrumb\"},\"inLanguage\":\"es\",\"potentialAction\":[{\"@type\":\"ReadAction\",\"target\":[\"https:\/\/smsafemode.com\/tienda\/producto\/video-5-minutos-por-encargo\/\"]}]},{\"@type\":\"ImageObject\",\"inLanguage\":\"es\",\"@id\":\"https:\/\/smsafemode.com\/tienda\/producto\/video-5-minutos-por-encargo\/#primaryimage\",\"url\":\"https:\/\/farm8.staticflickr.com\/7868\/39773707073_62520ce939_o.png\",\"contentUrl\":\"https:\/\/farm8.staticflickr.com\/7868\/39773707073_62520ce939_o.png\",\"width\":\"875\",\"height\":\"1098\",\"caption\":\"Video 5 minutos por encargo\"},{\"@type\":\"BreadcrumbList\",\"@id\":\"https:\/\/smsafemode.com\/tienda\/producto\/video-5-minutos-por-encargo\/#breadcrumb\",\"itemListElement\":[{\"@type\":\"ListItem\",\"position\":1,\"name\":\"Portada\",\"item\":\"https:\/\/smsafemode.com\/tienda\/\"},{\"@type\":\"ListItem\",\"position\":2,\"name\":\"Inicio\",\"item\":\"https:\/\/smsafemode.com\/tienda\/\"},{\"@type\":\"ListItem\",\"position\":3,\"name\":\"Video 5 minutos por encargo\"}]},{\"@type\":\"WebSite\",\"@id\":\"http:\/\/smsafemode.com\/tienda\/#website\",\"url\":\"http:\/\/smsafemode.com\/tienda\/\",\"name\":\"Tienda Virtual\",\"description\":\"Todas nuestras soluciones a un clic\",\"publisher\":{\"@id\":\"http:\/\/smsafemode.com\/tienda\/#organization\"},\"potentialAction\":[{\"@type\":\"SearchAction\",\"target\":{\"@type\":\"EntryPoint\",\"urlTemplate\":\"http:\/\/smsafemode.com\/tienda\/?s={search_term_string}\"},\"query-input\":{\"@type\":\"PropertyValueSpecification\",\"valueRequired\":true,\"valueName\":\"search_term_string\"}}],\"inLanguage\":\"es\"},{\"@type\":\"Organization\",\"@id\":\"http:\/\/smsafemode.com\/tienda\/#organization\",\"name\":\"Safe Mode Sas\",\"url\":\"http:\/\/smsafemode.com\/tienda\/\",\"logo\":{\"@type\":\"ImageObject\",\"inLanguage\":\"es\",\"@id\":\"http:\/\/smsafemode.com\/tienda\/#\/schema\/logo\/image\/\",\"url\":\"https:\/\/storage.googleapis.com\/stateless-smsafemode-com\/2019\/01\/26291970407_ec01902df5_o.png\",\"contentUrl\":\"https:\/\/storage.googleapis.com\/stateless-smsafemode-com\/2019\/01\/26291970407_ec01902df5_o.png\",\"width\":425,\"height\":426,\"caption\":\"Safe Mode Sas\"},\"image\":{\"@id\":\"http:\/\/smsafemode.com\/tienda\/#\/schema\/logo\/image\/\"},\"sameAs\":[\"https:\/\/www.facebook.com\/smsafemode\",\"https:\/\/x.com\/SMsafemode\"]}]}<\/script>\n<!-- \/ Yoast SEO plugin. -->","yoast_head_json":{"title":"Video 5 minutos por encargo | Tienda Virtual Safe Mode","description":"Creamos un video con una duraci\u00f3n de 3 minutos en el cual exponemos de manera adecuada el tema que tu quieras","robots":{"index":"index","follow":"follow","max-snippet":"max-snippet:-1","max-image-preview":"max-image-preview:large","max-video-preview":"max-video-preview:-1"},"canonical":"https:\/\/smsafemode.com\/tienda\/producto\/video-5-minutos-por-encargo\/","og_locale":"es_ES","og_type":"article","og_title":"Video 5 minutos por encargo | Tienda Virtual Safe Mode","og_description":"Creamos un video con una duraci\u00f3n de 3 minutos en el cual exponemos de manera adecuada el tema que tu quieras","og_url":"https:\/\/smsafemode.com\/tienda\/producto\/video-5-minutos-por-encargo\/","og_site_name":"Tienda Virtual","article_publisher":"https:\/\/www.facebook.com\/smsafemode","article_modified_time":"2026-01-18T23:50:03+00:00","og_image":[{"url":"https:\/\/farm8.staticflickr.com\/7868\/39773707073_62520ce939_o.png","type":"","width":"","height":""}],"twitter_card":"summary_large_image","twitter_image":"https:\/\/farm8.staticflickr.com\/7868\/39773707073_62520ce939_o.png","twitter_site":"@SMsafemode","twitter_misc":{"Tiempo de lectura":"2 minutos"},"schema":{"@context":"https:\/\/schema.org","@graph":[{"@type":"WebPage","@id":"https:\/\/smsafemode.com\/tienda\/producto\/video-5-minutos-por-encargo\/","url":"https:\/\/smsafemode.com\/tienda\/producto\/video-5-minutos-por-encargo\/","name":"Video 5 minutos por encargo | Tienda Virtual Safe Mode","isPartOf":{"@id":"http:\/\/smsafemode.com\/tienda\/#website"},"primaryImageOfPage":{"@id":"https:\/\/smsafemode.com\/tienda\/producto\/video-5-minutos-por-encargo\/#primaryimage"},"image":{"@id":"https:\/\/smsafemode.com\/tienda\/producto\/video-5-minutos-por-encargo\/#primaryimage"},"thumbnailUrl":"https:\/\/farm8.staticflickr.com\/7868\/39773707073_62520ce939_o.png","datePublished":"2019-01-14T12:43:37+00:00","dateModified":"2026-01-18T23:50:03+00:00","description":"Creamos un video con una duraci\u00f3n de 3 minutos en el cual exponemos de manera adecuada el tema que tu quieras","breadcrumb":{"@id":"https:\/\/smsafemode.com\/tienda\/producto\/video-5-minutos-por-encargo\/#breadcrumb"},"inLanguage":"es","potentialAction":[{"@type":"ReadAction","target":["https:\/\/smsafemode.com\/tienda\/producto\/video-5-minutos-por-encargo\/"]}]},{"@type":"ImageObject","inLanguage":"es","@id":"https:\/\/smsafemode.com\/tienda\/producto\/video-5-minutos-por-encargo\/#primaryimage","url":"https:\/\/farm8.staticflickr.com\/7868\/39773707073_62520ce939_o.png","contentUrl":"https:\/\/farm8.staticflickr.com\/7868\/39773707073_62520ce939_o.png","width":"875","height":"1098","caption":"Video 5 minutos por encargo"},{"@type":"BreadcrumbList","@id":"https:\/\/smsafemode.com\/tienda\/producto\/video-5-minutos-por-encargo\/#breadcrumb","itemListElement":[{"@type":"ListItem","position":1,"name":"Portada","item":"https:\/\/smsafemode.com\/tienda\/"},{"@type":"ListItem","position":2,"name":"Inicio","item":"https:\/\/smsafemode.com\/tienda\/"},{"@type":"ListItem","position":3,"name":"Video 5 minutos por encargo"}]},{"@type":"WebSite","@id":"http:\/\/smsafemode.com\/tienda\/#website","url":"http:\/\/smsafemode.com\/tienda\/","name":"Tienda Virtual","description":"Todas nuestras soluciones a un clic","publisher":{"@id":"http:\/\/smsafemode.com\/tienda\/#organization"},"potentialAction":[{"@type":"SearchAction","target":{"@type":"EntryPoint","urlTemplate":"http:\/\/smsafemode.com\/tienda\/?s={search_term_string}"},"query-input":{"@type":"PropertyValueSpecification","valueRequired":true,"valueName":"search_term_string"}}],"inLanguage":"es"},{"@type":"Organization","@id":"http:\/\/smsafemode.com\/tienda\/#organization","name":"Safe Mode Sas","url":"http:\/\/smsafemode.com\/tienda\/","logo":{"@type":"ImageObject","inLanguage":"es","@id":"http:\/\/smsafemode.com\/tienda\/#\/schema\/logo\/image\/","url":"https:\/\/storage.googleapis.com\/stateless-smsafemode-com\/2019\/01\/26291970407_ec01902df5_o.png","contentUrl":"https:\/\/storage.googleapis.com\/stateless-smsafemode-com\/2019\/01\/26291970407_ec01902df5_o.png","width":425,"height":426,"caption":"Safe Mode Sas"},"image":{"@id":"http:\/\/smsafemode.com\/tienda\/#\/schema\/logo\/image\/"},"sameAs":["https:\/\/www.facebook.com\/smsafemode","https:\/\/x.com\/SMsafemode"]}]}},"_links":{"self":[{"href":"https:\/\/smsafemode.com\/tienda\/wp-json\/wp\/v2\/product\/85","targetHints":{"allow":["GET"]}}],"collection":[{"href":"https:\/\/smsafemode.com\/tienda\/wp-json\/wp\/v2\/product"}],"about":[{"href":"https:\/\/smsafemode.com\/tienda\/wp-json\/wp\/v2\/types\/product"}],"wp:featuredmedia":[{"embeddable":true,"href":"https:\/\/smsafemode.com\/tienda\/wp-json\/wp\/v2\/media\/87"}],"wp:attachment":[{"href":"https:\/\/smsafemode.com\/tienda\/wp-json\/wp\/v2\/media?parent=85"}],"wp:term":[{"taxonomy":"product_brand","embeddable":true,"href":"https:\/\/smsafemode.com\/tienda\/wp-json\/wp\/v2\/product_brand?post=85"},{"taxonomy":"product_cat","embeddable":true,"href":"https:\/\/smsafemode.com\/tienda\/wp-json\/wp\/v2\/product_cat?post=85"},{"taxonomy":"product_tag","embeddable":true,"href":"https:\/\/smsafemode.com\/tienda\/wp-json\/wp\/v2\/product_tag?post=85"}],"curies":[{"name":"wp","href":"https:\/\/api.w.org\/{rel}","templated":true}]}}