{"id":709,"date":"2020-04-10T16:08:55","date_gmt":"2020-04-10T21:08:55","guid":{"rendered":"http:\/\/smsafemode.com\/tienda\/?post_type=product&#038;p=709"},"modified":"2026-01-18T18:46:48","modified_gmt":"2026-01-18T23:46:48","slug":"formato-de-entrega-de-epp-epi-instructivo","status":"publish","type":"product","link":"https:\/\/smsafemode.com\/tienda\/producto\/formato-de-entrega-de-epp-epi-instructivo\/","title":{"rendered":"Formato de entrega de EPP &#8211; EPI + Instructivo"},"content":{"rendered":"<p>Dentro del sistema de gesti\u00f3n de seguridad y salud en el trabajo se establece que el empleador debe proporcionar a sus trabajadores los elementos de protecci\u00f3n personal necesarios para proteger su salud e integridad durante el desarrollo de las actividades que pertenezcan a su cargo Por lo cual incluir dentro de el sistema de gesti\u00f3n registro denominado como formato de entrega de elementos de protecci\u00f3n personal y por la compra de este producto podr\u00e1s obtener formato para poder registro de todas las entregas de protecci\u00f3n personal as\u00ed como tambi\u00e9n un compromiso labores de un adecuado uso de estos.<\/p>\n<hr \/>\n<h3>Por tu compra recibes:<\/h3>\n<div class=\"gca-column one-third first\"><h4 style=\"text-align: center;\"><img loading=\"lazy\" decoding=\"async\" class=\" aligncenter\" src=\"https:\/\/firebasestorage.googleapis.com\/v0\/b\/safe-mode.appspot.com\/o\/svg%20para%20paginas%2Ficono%20excel.svg?alt=media&amp;token=3bd6dd50-df8b-4fa1-bf8c-e4762ce332e1\" width=\"200\" height=\"181\" \/>Formato en Excel de<br \/>\nActa de reuni\u00f3n<\/h4><\/div>\n<div class=\"gca-column one-third\"><h4 style=\"text-align: center;\"><img loading=\"lazy\" decoding=\"async\" class=\" aligncenter\" src=\"https:\/\/firebasestorage.googleapis.com\/v0\/b\/safe-mode.appspot.com\/o\/svg%20para%20paginas%2Flibro.svg?alt=media&amp;token=f2a75407-9dc9-4aff-9b1d-51850dfd0375\" width=\"237\" height=\"181\" \/>Instructivo para el uso de<br \/>\nformato de acta de reuni\u00f3n<\/h4><\/div>\n<div class=\"gca-column one-third\"><h4 style=\"text-align: center;\"><img loading=\"lazy\" decoding=\"async\" class=\" aligncenter\" src=\"https:\/\/firebasestorage.googleapis.com\/v0\/b\/safe-mode.appspot.com\/o\/svg%20para%20paginas%2Fdescargar%20nuebe%20azul.svg?alt=media&amp;token=4d064a7c-8586-46fa-822c-704f01022268\" width=\"243\" height=\"164\" \/>Descargas ilimitadas<br \/>\ndel formato por <span style=\"text-decoration: underline;\"><span style=\"color: #3366ff; text-decoration: underline;\">6 meses*<\/span><\/span><\/h4><\/div><div class=\"gca-utility clearfix\"><\/div>\n<hr \/>\n<p><img loading=\"lazy\" decoding=\"async\" class=\" alignright\" src=\"https:\/\/firebasestorage.googleapis.com\/v0\/b\/safe-mode.appspot.com\/o\/smsafemode.com%2Ftienda%20virtual%20SM%2Fproductos%2Fproductos%20de%20tienda%20virtual%2FFORMATO%20ENTREGA%20DE%20EPP%20-%20EPI.png?alt=media&amp;token=5c72a3ec-b33e-4a8b-bff0-eb20548f3a4d\" width=\"406\" height=\"501\" \/>Recuerda que lo registre que generes dentro del sistema de gesti\u00f3n son la prueba irrefutable que has desarrollado todo el SGSST de acuerdo con los requisitos legales establecidos por parte del Ministerio de trabajo.<\/p>\n<p>En muchas ocasiones las empresas u organizaciones a pesar de entregarle a sus trabajadores elementos de protecci\u00f3n personal acordes con los diferentes peligros a los cuales se ven expuestos se puede llegar a encontrar que no existe ning\u00fan registro el cual evidencia la entrega de estos elementos, lo cual es un aspecto considerablemente grave, particularmente cuando se presentan accidentes de trabajo o enfermedades laborales ya que el empleador no cuenta con una evidencia clara y contundente de la entrega de estos elementos exponiendolo a costosas demandas o procesos jur\u00eddicos ya que trabajador que se puede ver afectado por un accidente puede alegar que nunca recibi\u00f3 estos elementos responsabilizando as\u00ed al empleador, a\u00fan cuando \u00e9ste le haya proporcionado los elementos adecuados.<\/p>\n<p>Es por esto que es clave que cualquier empresa que le entregue elementos de protecci\u00f3n personal EPP &#8211; EPI a sus trabajadores cuente con un registro y por esto ponemos a tu disposici\u00f3n de forma f\u00e1cil un formato en el cual podr\u00e1s registrar cada una de las entregas de los elementos que realices a tus empleados o colaboradores dejando un registro totalmente v\u00e1lido, donde adem\u00e1s se resalta la responsabilidad del trabajador para usarlos adecuadamente y de esta forma contar los como un control a los diferentes riesgos a los cuales se puede llegar a haber expuesto por las actividades laborales que realiza.<\/p>\n<p>&nbsp;<\/p>\n<hr \/>\n<p>Este formato lo puedes descargar al realizar la compra es totalmente compatible para diferentes versiones de Excel y que est\u00e9s utilizando, en la descarga podr\u00e1s encontrar\u00a0 diferentes versiones compatibles con cada uno de las versiones de Office que existen en el mercado.<\/p>\n<h6>*La descarga de este formato est\u00e1 disponible durante un per\u00edodo de 6 meses de forma ilimitada esto significa que puedes descargar el formato todas las veces que lo necesites as\u00ed como tambi\u00e9n acceder a posibles actualizaciones que se pueden incorporar en este documento y descargar la versi\u00f3n actualizada transcurridos los 6 meses (180 d\u00edas) el acceso a tu descarga se limitar\u00e1, te recomendamos almacenar la descarga de este documento en tu computador.<\/h6>\n<hr \/>\n\n<div class=\"wpcf7 no-js\" id=\"wpcf7-f670-o1\" lang=\"es-ES\" dir=\"ltr\" data-wpcf7-id=\"670\">\n<div class=\"screen-reader-response\"><p role=\"status\" aria-live=\"polite\" aria-atomic=\"true\"><\/p> <ul><\/ul><\/div>\n<form action=\"\/tienda\/wp-json\/wp\/v2\/product\/709#wpcf7-f670-o1\" method=\"post\" class=\"wpcf7-form init\" aria-label=\"Formulario de contacto\" novalidate=\"novalidate\" data-status=\"init\">\n<fieldset class=\"hidden-fields-container\"><input type=\"hidden\" name=\"_wpcf7\" value=\"670\" \/><input type=\"hidden\" name=\"_wpcf7_version\" value=\"6.1.4\" \/><input type=\"hidden\" name=\"_wpcf7_locale\" value=\"es_ES\" \/><input type=\"hidden\" name=\"_wpcf7_unit_tag\" value=\"wpcf7-f670-o1\" \/><input type=\"hidden\" name=\"_wpcf7_container_post\" value=\"0\" \/><input type=\"hidden\" name=\"_wpcf7_posted_data_hash\" value=\"\" \/><input type=\"hidden\" name=\"_wpcf7_recaptcha_response\" value=\"\" \/>\n<\/fieldset>\n<p><img loading=\"lazy\" decoding=\"async\" class=\" aligncenter\" src=\"https:\/\/firebasestorage.googleapis.com\/v0\/b\/safe-mode.appspot.com\/o\/svg%20para%20paginas%2FSafe%20Mode%20----%20color%20formas.svg?alt=media&amp;token=08d31062-616b-436d-91e4-07e34745d6ae\" width=\"565\" height=\"110\" \/>\n<\/p><div class=\"wpcf7-response-output\" aria-hidden=\"true\"><\/div>\n<\/form>\n<\/div>\n\n","protected":false},"excerpt":{"rendered":"<p>Registra de forma f\u00e1cil y totalmente v\u00e1lida a nivel legal la entrega de elementos de protecci\u00f3n personal EPP o EPI con este formato una evidencia de la entrega de estos elementos los trabajadores<\/p>\n","protected":false},"featured_media":2121,"template":"","meta":{"inline_featured_image":false,"_joinchat":[]},"product_brand":[],"product_cat":[137],"product_tag":[252,251,197,196,253,255,254,53],"class_list":{"0":"post-709","1":"product","2":"type-product","3":"status-publish","4":"has-post-thumbnail","6":"product_cat-formatos","7":"product_tag-elemento-de-proteccion-individual","8":"product_tag-elemento-de-proteccion-personal","9":"product_tag-epi","10":"product_tag-epp","11":"product_tag-formato","12":"product_tag-instructivo","13":"product_tag-registro","14":"product_tag-sgsst","16":"first","17":"instock","18":"downloadable","19":"sold-individually","20":"taxable","21":"shipping-taxable","22":"purchasable","23":"product-type-simple","24":"customify-col"},"yoast_head":"<!-- This site is optimized with the Yoast SEO plugin v26.7 - https:\/\/yoast.com\/wordpress\/plugins\/seo\/ -->\n<title>Formato de entrega de EPP - EPI + Instructivo | Tienda Virtual Safe Mode<\/title>\n<meta name=\"description\" content=\"Descarga el formato de entrega de EPP en Excel e instructivo para poder cumplir adecuadamente con la entrega de Elementos de protecci\u00f3n personal\" \/>\n<meta name=\"robots\" content=\"index, follow, max-snippet:-1, max-image-preview:large, max-video-preview:-1\" \/>\n<link rel=\"canonical\" href=\"https:\/\/smsafemode.com\/tienda\/producto\/formato-de-entrega-de-epp-epi-instructivo\/\" \/>\n<meta property=\"og:locale\" content=\"es_ES\" \/>\n<meta property=\"og:type\" content=\"article\" \/>\n<meta property=\"og:title\" content=\"Formato de entrega de EPP - EPI + Instructivo | Tienda Virtual Safe Mode\" \/>\n<meta property=\"og:description\" content=\"Descarga el formato de entrega de EPP en Excel e instructivo para poder cumplir adecuadamente con la entrega de Elementos de protecci\u00f3n personal\" \/>\n<meta property=\"og:url\" content=\"https:\/\/smsafemode.com\/tienda\/producto\/formato-de-entrega-de-epp-epi-instructivo\/\" \/>\n<meta property=\"og:site_name\" content=\"Tienda Virtual\" \/>\n<meta property=\"article:publisher\" content=\"https:\/\/www.facebook.com\/smsafemode\" \/>\n<meta property=\"article:modified_time\" content=\"2026-01-18T23:46:48+00:00\" \/>\n<meta property=\"og:image\" content=\"https:\/\/storage.googleapis.com\/stateless-smsafemode-com\/2020\/04\/b6713494-formato-entrega-de-epp-epi.svg\" \/>\n<meta name=\"twitter:card\" content=\"summary_large_image\" \/>\n<meta name=\"twitter:image\" content=\"https:\/\/storage.googleapis.com\/stateless-smsafemode-com\/2020\/04\/b6713494-formato-entrega-de-epp-epi.svg\" \/>\n<meta name=\"twitter:site\" content=\"@SMsafemode\" \/>\n<meta name=\"twitter:label1\" content=\"Tiempo de lectura\" \/>\n\t<meta name=\"twitter:data1\" content=\"4 minutos\" \/>\n<script type=\"application\/ld+json\" class=\"yoast-schema-graph\">{\"@context\":\"https:\/\/schema.org\",\"@graph\":[{\"@type\":\"WebPage\",\"@id\":\"https:\/\/smsafemode.com\/tienda\/producto\/formato-de-entrega-de-epp-epi-instructivo\/\",\"url\":\"https:\/\/smsafemode.com\/tienda\/producto\/formato-de-entrega-de-epp-epi-instructivo\/\",\"name\":\"Formato de entrega de EPP - EPI + Instructivo | Tienda Virtual Safe Mode\",\"isPartOf\":{\"@id\":\"http:\/\/smsafemode.com\/tienda\/#website\"},\"primaryImageOfPage\":{\"@id\":\"https:\/\/smsafemode.com\/tienda\/producto\/formato-de-entrega-de-epp-epi-instructivo\/#primaryimage\"},\"image\":{\"@id\":\"https:\/\/smsafemode.com\/tienda\/producto\/formato-de-entrega-de-epp-epi-instructivo\/#primaryimage\"},\"thumbnailUrl\":\"https:\/\/storage.googleapis.com\/stateless-smsafemode-com\/2020\/04\/b6713494-formato-entrega-de-epp-epi.svg\",\"datePublished\":\"2020-04-10T21:08:55+00:00\",\"dateModified\":\"2026-01-18T23:46:48+00:00\",\"description\":\"Descarga el formato de entrega de EPP en Excel e instructivo para poder cumplir adecuadamente con la entrega de Elementos de protecci\u00f3n personal\",\"breadcrumb\":{\"@id\":\"https:\/\/smsafemode.com\/tienda\/producto\/formato-de-entrega-de-epp-epi-instructivo\/#breadcrumb\"},\"inLanguage\":\"es\",\"potentialAction\":[{\"@type\":\"ReadAction\",\"target\":[\"https:\/\/smsafemode.com\/tienda\/producto\/formato-de-entrega-de-epp-epi-instructivo\/\"]}]},{\"@type\":\"ImageObject\",\"inLanguage\":\"es\",\"@id\":\"https:\/\/smsafemode.com\/tienda\/producto\/formato-de-entrega-de-epp-epi-instructivo\/#primaryimage\",\"url\":\"https:\/\/storage.googleapis.com\/stateless-smsafemode-com\/2020\/04\/b6713494-formato-entrega-de-epp-epi.svg\",\"contentUrl\":\"https:\/\/storage.googleapis.com\/stateless-smsafemode-com\/2020\/04\/b6713494-formato-entrega-de-epp-epi.svg\",\"width\":\"518\",\"height\":\"641\"},{\"@type\":\"BreadcrumbList\",\"@id\":\"https:\/\/smsafemode.com\/tienda\/producto\/formato-de-entrega-de-epp-epi-instructivo\/#breadcrumb\",\"itemListElement\":[{\"@type\":\"ListItem\",\"position\":1,\"name\":\"Portada\",\"item\":\"https:\/\/smsafemode.com\/tienda\/\"},{\"@type\":\"ListItem\",\"position\":2,\"name\":\"Inicio\",\"item\":\"https:\/\/smsafemode.com\/tienda\/\"},{\"@type\":\"ListItem\",\"position\":3,\"name\":\"Formato de entrega de EPP &#8211; EPI + Instructivo\"}]},{\"@type\":\"WebSite\",\"@id\":\"http:\/\/smsafemode.com\/tienda\/#website\",\"url\":\"http:\/\/smsafemode.com\/tienda\/\",\"name\":\"Tienda Virtual\",\"description\":\"Todas nuestras soluciones a un clic\",\"publisher\":{\"@id\":\"http:\/\/smsafemode.com\/tienda\/#organization\"},\"potentialAction\":[{\"@type\":\"SearchAction\",\"target\":{\"@type\":\"EntryPoint\",\"urlTemplate\":\"http:\/\/smsafemode.com\/tienda\/?s={search_term_string}\"},\"query-input\":{\"@type\":\"PropertyValueSpecification\",\"valueRequired\":true,\"valueName\":\"search_term_string\"}}],\"inLanguage\":\"es\"},{\"@type\":\"Organization\",\"@id\":\"http:\/\/smsafemode.com\/tienda\/#organization\",\"name\":\"Safe Mode Sas\",\"url\":\"http:\/\/smsafemode.com\/tienda\/\",\"logo\":{\"@type\":\"ImageObject\",\"inLanguage\":\"es\",\"@id\":\"http:\/\/smsafemode.com\/tienda\/#\/schema\/logo\/image\/\",\"url\":\"https:\/\/storage.googleapis.com\/stateless-smsafemode-com\/2019\/01\/26291970407_ec01902df5_o.png\",\"contentUrl\":\"https:\/\/storage.googleapis.com\/stateless-smsafemode-com\/2019\/01\/26291970407_ec01902df5_o.png\",\"width\":425,\"height\":426,\"caption\":\"Safe Mode Sas\"},\"image\":{\"@id\":\"http:\/\/smsafemode.com\/tienda\/#\/schema\/logo\/image\/\"},\"sameAs\":[\"https:\/\/www.facebook.com\/smsafemode\",\"https:\/\/x.com\/SMsafemode\"]}]}<\/script>\n<!-- \/ Yoast SEO plugin. -->","yoast_head_json":{"title":"Formato de entrega de EPP - EPI + Instructivo | Tienda Virtual Safe Mode","description":"Descarga el formato de entrega de EPP en Excel e instructivo para poder cumplir adecuadamente con la entrega de Elementos de protecci\u00f3n personal","robots":{"index":"index","follow":"follow","max-snippet":"max-snippet:-1","max-image-preview":"max-image-preview:large","max-video-preview":"max-video-preview:-1"},"canonical":"https:\/\/smsafemode.com\/tienda\/producto\/formato-de-entrega-de-epp-epi-instructivo\/","og_locale":"es_ES","og_type":"article","og_title":"Formato de entrega de EPP - EPI + Instructivo | Tienda Virtual Safe Mode","og_description":"Descarga el formato de entrega de EPP en Excel e instructivo para poder cumplir adecuadamente con la entrega de Elementos de protecci\u00f3n personal","og_url":"https:\/\/smsafemode.com\/tienda\/producto\/formato-de-entrega-de-epp-epi-instructivo\/","og_site_name":"Tienda Virtual","article_publisher":"https:\/\/www.facebook.com\/smsafemode","article_modified_time":"2026-01-18T23:46:48+00:00","og_image":[{"url":"https:\/\/storage.googleapis.com\/stateless-smsafemode-com\/2020\/04\/b6713494-formato-entrega-de-epp-epi.svg","type":"","width":"","height":""}],"twitter_card":"summary_large_image","twitter_image":"https:\/\/storage.googleapis.com\/stateless-smsafemode-com\/2020\/04\/b6713494-formato-entrega-de-epp-epi.svg","twitter_site":"@SMsafemode","twitter_misc":{"Tiempo de lectura":"4 minutos"},"schema":{"@context":"https:\/\/schema.org","@graph":[{"@type":"WebPage","@id":"https:\/\/smsafemode.com\/tienda\/producto\/formato-de-entrega-de-epp-epi-instructivo\/","url":"https:\/\/smsafemode.com\/tienda\/producto\/formato-de-entrega-de-epp-epi-instructivo\/","name":"Formato de entrega de EPP - EPI + Instructivo | Tienda Virtual Safe Mode","isPartOf":{"@id":"http:\/\/smsafemode.com\/tienda\/#website"},"primaryImageOfPage":{"@id":"https:\/\/smsafemode.com\/tienda\/producto\/formato-de-entrega-de-epp-epi-instructivo\/#primaryimage"},"image":{"@id":"https:\/\/smsafemode.com\/tienda\/producto\/formato-de-entrega-de-epp-epi-instructivo\/#primaryimage"},"thumbnailUrl":"https:\/\/storage.googleapis.com\/stateless-smsafemode-com\/2020\/04\/b6713494-formato-entrega-de-epp-epi.svg","datePublished":"2020-04-10T21:08:55+00:00","dateModified":"2026-01-18T23:46:48+00:00","description":"Descarga el formato de entrega de EPP en Excel e instructivo para poder cumplir adecuadamente con la entrega de Elementos de protecci\u00f3n personal","breadcrumb":{"@id":"https:\/\/smsafemode.com\/tienda\/producto\/formato-de-entrega-de-epp-epi-instructivo\/#breadcrumb"},"inLanguage":"es","potentialAction":[{"@type":"ReadAction","target":["https:\/\/smsafemode.com\/tienda\/producto\/formato-de-entrega-de-epp-epi-instructivo\/"]}]},{"@type":"ImageObject","inLanguage":"es","@id":"https:\/\/smsafemode.com\/tienda\/producto\/formato-de-entrega-de-epp-epi-instructivo\/#primaryimage","url":"https:\/\/storage.googleapis.com\/stateless-smsafemode-com\/2020\/04\/b6713494-formato-entrega-de-epp-epi.svg","contentUrl":"https:\/\/storage.googleapis.com\/stateless-smsafemode-com\/2020\/04\/b6713494-formato-entrega-de-epp-epi.svg","width":"518","height":"641"},{"@type":"BreadcrumbList","@id":"https:\/\/smsafemode.com\/tienda\/producto\/formato-de-entrega-de-epp-epi-instructivo\/#breadcrumb","itemListElement":[{"@type":"ListItem","position":1,"name":"Portada","item":"https:\/\/smsafemode.com\/tienda\/"},{"@type":"ListItem","position":2,"name":"Inicio","item":"https:\/\/smsafemode.com\/tienda\/"},{"@type":"ListItem","position":3,"name":"Formato de entrega de EPP &#8211; EPI + Instructivo"}]},{"@type":"WebSite","@id":"http:\/\/smsafemode.com\/tienda\/#website","url":"http:\/\/smsafemode.com\/tienda\/","name":"Tienda Virtual","description":"Todas nuestras soluciones a un clic","publisher":{"@id":"http:\/\/smsafemode.com\/tienda\/#organization"},"potentialAction":[{"@type":"SearchAction","target":{"@type":"EntryPoint","urlTemplate":"http:\/\/smsafemode.com\/tienda\/?s={search_term_string}"},"query-input":{"@type":"PropertyValueSpecification","valueRequired":true,"valueName":"search_term_string"}}],"inLanguage":"es"},{"@type":"Organization","@id":"http:\/\/smsafemode.com\/tienda\/#organization","name":"Safe Mode Sas","url":"http:\/\/smsafemode.com\/tienda\/","logo":{"@type":"ImageObject","inLanguage":"es","@id":"http:\/\/smsafemode.com\/tienda\/#\/schema\/logo\/image\/","url":"https:\/\/storage.googleapis.com\/stateless-smsafemode-com\/2019\/01\/26291970407_ec01902df5_o.png","contentUrl":"https:\/\/storage.googleapis.com\/stateless-smsafemode-com\/2019\/01\/26291970407_ec01902df5_o.png","width":425,"height":426,"caption":"Safe Mode Sas"},"image":{"@id":"http:\/\/smsafemode.com\/tienda\/#\/schema\/logo\/image\/"},"sameAs":["https:\/\/www.facebook.com\/smsafemode","https:\/\/x.com\/SMsafemode"]}]}},"_links":{"self":[{"href":"https:\/\/smsafemode.com\/tienda\/wp-json\/wp\/v2\/product\/709","targetHints":{"allow":["GET"]}}],"collection":[{"href":"https:\/\/smsafemode.com\/tienda\/wp-json\/wp\/v2\/product"}],"about":[{"href":"https:\/\/smsafemode.com\/tienda\/wp-json\/wp\/v2\/types\/product"}],"wp:featuredmedia":[{"embeddable":true,"href":"https:\/\/smsafemode.com\/tienda\/wp-json\/wp\/v2\/media\/2121"}],"wp:attachment":[{"href":"https:\/\/smsafemode.com\/tienda\/wp-json\/wp\/v2\/media?parent=709"}],"wp:term":[{"taxonomy":"product_brand","embeddable":true,"href":"https:\/\/smsafemode.com\/tienda\/wp-json\/wp\/v2\/product_brand?post=709"},{"taxonomy":"product_cat","embeddable":true,"href":"https:\/\/smsafemode.com\/tienda\/wp-json\/wp\/v2\/product_cat?post=709"},{"taxonomy":"product_tag","embeddable":true,"href":"https:\/\/smsafemode.com\/tienda\/wp-json\/wp\/v2\/product_tag?post=709"}],"curies":[{"name":"wp","href":"https:\/\/api.w.org\/{rel}","templated":true}]}}