{"id":696,"date":"2020-04-09T19:57:44","date_gmt":"2020-04-10T00:57:44","guid":{"rendered":"http:\/\/smsafemode.com\/tienda\/?post_type=product&#038;p=696"},"modified":"2026-01-18T18:55:40","modified_gmt":"2026-01-18T23:55:40","slug":"programa-de-capacitacion-anual","status":"publish","type":"product","link":"https:\/\/smsafemode.com\/tienda\/producto\/programa-de-capacitacion-anual\/","title":{"rendered":"Programa de capacitaci\u00f3n anual"},"content":{"rendered":"<p>Para todos es bien conocido que las capacitaciones forman parte importante del proceso de implementar un adecuado sistema de gesti\u00f3n de seguridad y salud en el trabajo sin embargo muchas veces se puede llegar a incurrir en el error de influir por realizar capacitaciones que no ayudan de ninguna forma con este proceso, es por esto en este servicio te brindamos la asesor\u00eda y apoyo para crear adecuadamente un programa de capacitaci\u00f3n que se ajuste a las necesidades de tu empresa as\u00ed como tambi\u00e9n a los distintos peligros que puedan existir y de una u otra forma puedan afectar la salud o integridad de los trabajadores<\/p>\n<p>Con este servicio uno de nuestros expertos Se pondr\u00e1 en contacto contigo para conocer las caracter\u00edsticas generales de tu empresa as\u00ed como tambi\u00e9n las actividades que pueden implicar un mayor riesgo de afectar a los trabajadores con base en esta informaci\u00f3n y la matriz de riesgos de tu empresa identificaremos de forma Clara Cu\u00e1les son las capacitaciones m\u00ednimas que deben ser desarrolladas en el per\u00edodo de un a\u00f1o as\u00ed como tambi\u00e9n las recomendaciones qu\u00e9 le damos a la persona encargada o responsable de tu sistema de gesti\u00f3n de seguridad y salud en el trabajo para desarrollarlas adecuadamente.<\/p>\n<hr \/>\n<h4>Por la compra de este servicio recibes:<\/h4>\n<div class=\"gca-column one-fourth first\"><h4 style=\"text-align: center;\"><\/h4>\n<h4 style=\"text-align: center;\"><img loading=\"lazy\" decoding=\"async\" class=\" aligncenter\" src=\"https:\/\/firebasestorage.googleapis.com\/v0\/b\/safe-mode.appspot.com\/o\/svg%20para%20paginas%2Fdocumento%20hoja%20amarilla.svg?alt=media&amp;token=cad38dc2-d0ea-4828-a31d-bee515793699\" width=\"116\" height=\"133\" \/>Formato de programa de<br \/>\ncapacitaciones anual de su empresa<\/h4><\/div>\n<div class=\"gca-column one-fourth\"><h4 style=\"text-align: center;\"><img loading=\"lazy\" decoding=\"async\" class=\"aligncenter\" src=\"https:\/\/firebasestorage.googleapis.com\/v0\/b\/safe-mode.appspot.com\/o\/svg%20para%20paginas%2Fhablar.svg?alt=media&amp;token=50c65430-1340-4d32-b143-0a82c1a33ad9\" width=\"147\" height=\"144\" \/>Recomendaciones para<br \/>\nel responsable del SG-SST<\/h4><\/div>\n<div class=\"gca-column one-fourth\"><h4 style=\"text-align: center;\"><span style=\"color: #ff0000;\"><img loading=\"lazy\" decoding=\"async\" class=\" aligncenter\" src=\"https:\/\/firebasestorage.googleapis.com\/v0\/b\/safe-mode.appspot.com\/o\/svg%20para%20paginas%2Fdescuento%20fehcha.svg?alt=media&amp;token=3da2d239-d6b6-4423-8b19-1e64cea6f73e\" width=\"183\" height=\"142\" \/>20%<\/span> de descuento en<br \/>\ncapacitaciones aplicables<\/h4><\/div>\n<div class=\"gca-column one-fourth\"><h4 style=\"text-align: center;\"><img loading=\"lazy\" decoding=\"async\" class=\"aligncenter\" src=\"https:\/\/firebasestorage.googleapis.com\/v0\/b\/safe-mode.appspot.com\/o\/svg%20para%20paginas%2Fconversacion.svg?alt=media&amp;token=97590087-7dca-484b-812b-b70c91c7f141\" width=\"141\" height=\"141\" \/>Asesoramiento de que incluir<br \/>\nen la capacitaci\u00f3n<\/h4><\/div><div class=\"gca-utility clearfix\"><\/div>\n<hr \/>\n<p>este servicio se puede desarrollar de manera presencial as\u00ed como tambi\u00e9n en modalidad virtual la \u00fanica diferencia radica En qu\u00e9 en modalidad presencial Nos dirigimos a las instalaciones de tu organizaci\u00f3n mientras que en modalidad virtual lo realizamos por medio de los distintos medios disponibles para realizar reuniones como medio telef\u00f3nico, Skype, hangouts meet, Facetime o Zoom<\/p>\n<hr \/>\n\n<div class=\"wpcf7 no-js\" id=\"wpcf7-f670-o1\" lang=\"es-ES\" dir=\"ltr\" data-wpcf7-id=\"670\">\n<div class=\"screen-reader-response\"><p role=\"status\" aria-live=\"polite\" aria-atomic=\"true\"><\/p> <ul><\/ul><\/div>\n<form action=\"\/tienda\/wp-json\/wp\/v2\/product\/696#wpcf7-f670-o1\" method=\"post\" class=\"wpcf7-form init\" aria-label=\"Formulario de contacto\" novalidate=\"novalidate\" data-status=\"init\">\n<fieldset class=\"hidden-fields-container\"><input type=\"hidden\" name=\"_wpcf7\" value=\"670\" \/><input type=\"hidden\" name=\"_wpcf7_version\" value=\"6.1.4\" \/><input type=\"hidden\" name=\"_wpcf7_locale\" value=\"es_ES\" \/><input type=\"hidden\" name=\"_wpcf7_unit_tag\" value=\"wpcf7-f670-o1\" \/><input type=\"hidden\" name=\"_wpcf7_container_post\" value=\"0\" \/><input type=\"hidden\" name=\"_wpcf7_posted_data_hash\" value=\"\" \/><input type=\"hidden\" name=\"_wpcf7_recaptcha_response\" value=\"\" \/>\n<\/fieldset>\n<p><img loading=\"lazy\" decoding=\"async\" class=\" aligncenter\" src=\"https:\/\/firebasestorage.googleapis.com\/v0\/b\/safe-mode.appspot.com\/o\/svg%20para%20paginas%2FSafe%20Mode%20----%20color%20formas.svg?alt=media&amp;token=08d31062-616b-436d-91e4-07e34745d6ae\" width=\"565\" height=\"110\" \/>\n<\/p><div class=\"wpcf7-response-output\" aria-hidden=\"true\"><\/div>\n<\/form>\n<\/div>\n\n","protected":false},"excerpt":{"rendered":"<p>Para desarrollar adecuadamente el sistema de gesti\u00f3n de seguridad y salud en el trabajo es necesario contemplar un programa o plan de capacitaciones el cual se establecen de acuerdo a las necesidades de la empresa Cu\u00e1les son las capacitaciones que deben recibir los colaboradores de tu organizaci\u00f3n<\/p>\n","protected":false},"featured_media":699,"template":"","meta":{"inline_featured_image":false,"_joinchat":[]},"product_brand":[],"product_cat":[123],"product_tag":[242,243,241,240,53],"class_list":{"0":"post-696","1":"product","2":"type-product","3":"status-publish","4":"has-post-thumbnail","6":"product_cat-seguridad-y-salud-en-el-trabajo-sst","7":"product_tag-asesoria-capacitaciones","8":"product_tag-cronograma-de-capacitaciones","9":"product_tag-plan-de-capacitaciones","10":"product_tag-programa-de-capacitaciones","11":"product_tag-sgsst","13":"first","14":"instock","15":"virtual","16":"sold-individually","17":"taxable","18":"purchasable","19":"product-type-simple","20":"customify-col"},"yoast_head":"<!-- This site is optimized with the Yoast SEO plugin v26.7 - https:\/\/yoast.com\/wordpress\/plugins\/seo\/ -->\n<title>Programa de capacitaci\u00f3n anual | Tienda Virtual Safe Mode<\/title>\n<meta name=\"robots\" content=\"index, follow, max-snippet:-1, max-image-preview:large, max-video-preview:-1\" \/>\n<link rel=\"canonical\" href=\"https:\/\/smsafemode.com\/tienda\/producto\/programa-de-capacitacion-anual\/\" \/>\n<meta property=\"og:locale\" content=\"es_ES\" \/>\n<meta property=\"og:type\" content=\"article\" \/>\n<meta property=\"og:title\" content=\"Programa de capacitaci\u00f3n anual | Tienda Virtual Safe Mode\" \/>\n<meta property=\"og:description\" content=\"Para desarrollar adecuadamente el sistema de gesti\u00f3n de seguridad y salud en el trabajo es necesario contemplar un programa o plan de capacitaciones el cual se establecen de acuerdo a las necesidades de la empresa Cu\u00e1les son las capacitaciones que deben recibir los colaboradores de tu organizaci\u00f3n\" \/>\n<meta property=\"og:url\" content=\"https:\/\/smsafemode.com\/tienda\/producto\/programa-de-capacitacion-anual\/\" \/>\n<meta property=\"og:site_name\" content=\"Tienda Virtual\" \/>\n<meta property=\"article:publisher\" content=\"https:\/\/www.facebook.com\/smsafemode\" \/>\n<meta property=\"article:modified_time\" content=\"2026-01-18T23:55:40+00:00\" \/>\n<meta property=\"og:image\" content=\"https:\/\/firebasestorage.googleapis.com\/v0\/b\/safe-mode.appspot.com\/o\/smsafemode.com%2Ftienda%20virtual%20SM%2Fproductos%2Fproductos%20de%20tienda%20virtual%2FPROGRAMA%20DE%20CAPACITACIONES%20SST.png?alt=media&token=247cfe17-72b2-49c2-83c4-4ee500987dab\" \/>\n<meta name=\"twitter:card\" content=\"summary_large_image\" \/>\n<meta name=\"twitter:image\" content=\"https:\/\/firebasestorage.googleapis.com\/v0\/b\/safe-mode.appspot.com\/o\/smsafemode.com%2Ftienda%20virtual%20SM%2Fproductos%2Fproductos%20de%20tienda%20virtual%2FPROGRAMA%20DE%20CAPACITACIONES%20SST.png?alt=media&token=247cfe17-72b2-49c2-83c4-4ee500987dab\" \/>\n<meta name=\"twitter:site\" content=\"@SMsafemode\" \/>\n<meta name=\"twitter:label1\" content=\"Tiempo de lectura\" \/>\n\t<meta name=\"twitter:data1\" content=\"3 minutos\" \/>\n<script type=\"application\/ld+json\" class=\"yoast-schema-graph\">{\"@context\":\"https:\/\/schema.org\",\"@graph\":[{\"@type\":\"WebPage\",\"@id\":\"https:\/\/smsafemode.com\/tienda\/producto\/programa-de-capacitacion-anual\/\",\"url\":\"https:\/\/smsafemode.com\/tienda\/producto\/programa-de-capacitacion-anual\/\",\"name\":\"Programa de capacitaci\u00f3n anual | Tienda Virtual Safe Mode\",\"isPartOf\":{\"@id\":\"http:\/\/smsafemode.com\/tienda\/#website\"},\"primaryImageOfPage\":{\"@id\":\"https:\/\/smsafemode.com\/tienda\/producto\/programa-de-capacitacion-anual\/#primaryimage\"},\"image\":{\"@id\":\"https:\/\/smsafemode.com\/tienda\/producto\/programa-de-capacitacion-anual\/#primaryimage\"},\"thumbnailUrl\":\"https:\/\/firebasestorage.googleapis.com\/v0\/b\/safe-mode.appspot.com\/o\/smsafemode.com%2Ftienda%20virtual%20SM%2Fproductos%2Fproductos%20de%20tienda%20virtual%2FPROGRAMA%20DE%20CAPACITACIONES%20SST.png?alt=media&token=247cfe17-72b2-49c2-83c4-4ee500987dab\",\"datePublished\":\"2020-04-10T00:57:44+00:00\",\"dateModified\":\"2026-01-18T23:55:40+00:00\",\"breadcrumb\":{\"@id\":\"https:\/\/smsafemode.com\/tienda\/producto\/programa-de-capacitacion-anual\/#breadcrumb\"},\"inLanguage\":\"es\",\"potentialAction\":[{\"@type\":\"ReadAction\",\"target\":[\"https:\/\/smsafemode.com\/tienda\/producto\/programa-de-capacitacion-anual\/\"]}]},{\"@type\":\"ImageObject\",\"inLanguage\":\"es\",\"@id\":\"https:\/\/smsafemode.com\/tienda\/producto\/programa-de-capacitacion-anual\/#primaryimage\",\"url\":\"https:\/\/firebasestorage.googleapis.com\/v0\/b\/safe-mode.appspot.com\/o\/smsafemode.com%2Ftienda%20virtual%20SM%2Fproductos%2Fproductos%20de%20tienda%20virtual%2FPROGRAMA%20DE%20CAPACITACIONES%20SST.png?alt=media&token=247cfe17-72b2-49c2-83c4-4ee500987dab\",\"contentUrl\":\"https:\/\/firebasestorage.googleapis.com\/v0\/b\/safe-mode.appspot.com\/o\/smsafemode.com%2Ftienda%20virtual%20SM%2Fproductos%2Fproductos%20de%20tienda%20virtual%2FPROGRAMA%20DE%20CAPACITACIONES%20SST.png?alt=media&token=247cfe17-72b2-49c2-83c4-4ee500987dab\",\"width\":\"688\",\"height\":\"855\",\"caption\":\"Programa de capacitaci\u00f3n anual\"},{\"@type\":\"BreadcrumbList\",\"@id\":\"https:\/\/smsafemode.com\/tienda\/producto\/programa-de-capacitacion-anual\/#breadcrumb\",\"itemListElement\":[{\"@type\":\"ListItem\",\"position\":1,\"name\":\"Portada\",\"item\":\"https:\/\/smsafemode.com\/tienda\/\"},{\"@type\":\"ListItem\",\"position\":2,\"name\":\"Inicio\",\"item\":\"https:\/\/smsafemode.com\/tienda\/\"},{\"@type\":\"ListItem\",\"position\":3,\"name\":\"Programa de capacitaci\u00f3n anual\"}]},{\"@type\":\"WebSite\",\"@id\":\"http:\/\/smsafemode.com\/tienda\/#website\",\"url\":\"http:\/\/smsafemode.com\/tienda\/\",\"name\":\"Tienda Virtual\",\"description\":\"Todas nuestras soluciones a un clic\",\"publisher\":{\"@id\":\"http:\/\/smsafemode.com\/tienda\/#organization\"},\"potentialAction\":[{\"@type\":\"SearchAction\",\"target\":{\"@type\":\"EntryPoint\",\"urlTemplate\":\"http:\/\/smsafemode.com\/tienda\/?s={search_term_string}\"},\"query-input\":{\"@type\":\"PropertyValueSpecification\",\"valueRequired\":true,\"valueName\":\"search_term_string\"}}],\"inLanguage\":\"es\"},{\"@type\":\"Organization\",\"@id\":\"http:\/\/smsafemode.com\/tienda\/#organization\",\"name\":\"Safe Mode Sas\",\"url\":\"http:\/\/smsafemode.com\/tienda\/\",\"logo\":{\"@type\":\"ImageObject\",\"inLanguage\":\"es\",\"@id\":\"http:\/\/smsafemode.com\/tienda\/#\/schema\/logo\/image\/\",\"url\":\"https:\/\/storage.googleapis.com\/stateless-smsafemode-com\/2019\/01\/26291970407_ec01902df5_o.png\",\"contentUrl\":\"https:\/\/storage.googleapis.com\/stateless-smsafemode-com\/2019\/01\/26291970407_ec01902df5_o.png\",\"width\":425,\"height\":426,\"caption\":\"Safe Mode Sas\"},\"image\":{\"@id\":\"http:\/\/smsafemode.com\/tienda\/#\/schema\/logo\/image\/\"},\"sameAs\":[\"https:\/\/www.facebook.com\/smsafemode\",\"https:\/\/x.com\/SMsafemode\"]}]}<\/script>\n<!-- \/ Yoast SEO plugin. -->","yoast_head_json":{"title":"Programa de capacitaci\u00f3n anual | Tienda Virtual Safe Mode","robots":{"index":"index","follow":"follow","max-snippet":"max-snippet:-1","max-image-preview":"max-image-preview:large","max-video-preview":"max-video-preview:-1"},"canonical":"https:\/\/smsafemode.com\/tienda\/producto\/programa-de-capacitacion-anual\/","og_locale":"es_ES","og_type":"article","og_title":"Programa de capacitaci\u00f3n anual | Tienda Virtual Safe Mode","og_description":"Para desarrollar adecuadamente el sistema de gesti\u00f3n de seguridad y salud en el trabajo es necesario contemplar un programa o plan de capacitaciones el cual se establecen de acuerdo a las necesidades de la empresa Cu\u00e1les son las capacitaciones que deben recibir los colaboradores de tu organizaci\u00f3n","og_url":"https:\/\/smsafemode.com\/tienda\/producto\/programa-de-capacitacion-anual\/","og_site_name":"Tienda Virtual","article_publisher":"https:\/\/www.facebook.com\/smsafemode","article_modified_time":"2026-01-18T23:55:40+00:00","og_image":[{"url":"https:\/\/firebasestorage.googleapis.com\/v0\/b\/safe-mode.appspot.com\/o\/smsafemode.com%2Ftienda%20virtual%20SM%2Fproductos%2Fproductos%20de%20tienda%20virtual%2FPROGRAMA%20DE%20CAPACITACIONES%20SST.png?alt=media&token=247cfe17-72b2-49c2-83c4-4ee500987dab","type":"","width":"","height":""}],"twitter_card":"summary_large_image","twitter_image":"https:\/\/firebasestorage.googleapis.com\/v0\/b\/safe-mode.appspot.com\/o\/smsafemode.com%2Ftienda%20virtual%20SM%2Fproductos%2Fproductos%20de%20tienda%20virtual%2FPROGRAMA%20DE%20CAPACITACIONES%20SST.png?alt=media&token=247cfe17-72b2-49c2-83c4-4ee500987dab","twitter_site":"@SMsafemode","twitter_misc":{"Tiempo de lectura":"3 minutos"},"schema":{"@context":"https:\/\/schema.org","@graph":[{"@type":"WebPage","@id":"https:\/\/smsafemode.com\/tienda\/producto\/programa-de-capacitacion-anual\/","url":"https:\/\/smsafemode.com\/tienda\/producto\/programa-de-capacitacion-anual\/","name":"Programa de capacitaci\u00f3n anual | Tienda Virtual Safe Mode","isPartOf":{"@id":"http:\/\/smsafemode.com\/tienda\/#website"},"primaryImageOfPage":{"@id":"https:\/\/smsafemode.com\/tienda\/producto\/programa-de-capacitacion-anual\/#primaryimage"},"image":{"@id":"https:\/\/smsafemode.com\/tienda\/producto\/programa-de-capacitacion-anual\/#primaryimage"},"thumbnailUrl":"https:\/\/firebasestorage.googleapis.com\/v0\/b\/safe-mode.appspot.com\/o\/smsafemode.com%2Ftienda%20virtual%20SM%2Fproductos%2Fproductos%20de%20tienda%20virtual%2FPROGRAMA%20DE%20CAPACITACIONES%20SST.png?alt=media&token=247cfe17-72b2-49c2-83c4-4ee500987dab","datePublished":"2020-04-10T00:57:44+00:00","dateModified":"2026-01-18T23:55:40+00:00","breadcrumb":{"@id":"https:\/\/smsafemode.com\/tienda\/producto\/programa-de-capacitacion-anual\/#breadcrumb"},"inLanguage":"es","potentialAction":[{"@type":"ReadAction","target":["https:\/\/smsafemode.com\/tienda\/producto\/programa-de-capacitacion-anual\/"]}]},{"@type":"ImageObject","inLanguage":"es","@id":"https:\/\/smsafemode.com\/tienda\/producto\/programa-de-capacitacion-anual\/#primaryimage","url":"https:\/\/firebasestorage.googleapis.com\/v0\/b\/safe-mode.appspot.com\/o\/smsafemode.com%2Ftienda%20virtual%20SM%2Fproductos%2Fproductos%20de%20tienda%20virtual%2FPROGRAMA%20DE%20CAPACITACIONES%20SST.png?alt=media&token=247cfe17-72b2-49c2-83c4-4ee500987dab","contentUrl":"https:\/\/firebasestorage.googleapis.com\/v0\/b\/safe-mode.appspot.com\/o\/smsafemode.com%2Ftienda%20virtual%20SM%2Fproductos%2Fproductos%20de%20tienda%20virtual%2FPROGRAMA%20DE%20CAPACITACIONES%20SST.png?alt=media&token=247cfe17-72b2-49c2-83c4-4ee500987dab","width":"688","height":"855","caption":"Programa de capacitaci\u00f3n anual"},{"@type":"BreadcrumbList","@id":"https:\/\/smsafemode.com\/tienda\/producto\/programa-de-capacitacion-anual\/#breadcrumb","itemListElement":[{"@type":"ListItem","position":1,"name":"Portada","item":"https:\/\/smsafemode.com\/tienda\/"},{"@type":"ListItem","position":2,"name":"Inicio","item":"https:\/\/smsafemode.com\/tienda\/"},{"@type":"ListItem","position":3,"name":"Programa de capacitaci\u00f3n anual"}]},{"@type":"WebSite","@id":"http:\/\/smsafemode.com\/tienda\/#website","url":"http:\/\/smsafemode.com\/tienda\/","name":"Tienda Virtual","description":"Todas nuestras soluciones a un clic","publisher":{"@id":"http:\/\/smsafemode.com\/tienda\/#organization"},"potentialAction":[{"@type":"SearchAction","target":{"@type":"EntryPoint","urlTemplate":"http:\/\/smsafemode.com\/tienda\/?s={search_term_string}"},"query-input":{"@type":"PropertyValueSpecification","valueRequired":true,"valueName":"search_term_string"}}],"inLanguage":"es"},{"@type":"Organization","@id":"http:\/\/smsafemode.com\/tienda\/#organization","name":"Safe Mode Sas","url":"http:\/\/smsafemode.com\/tienda\/","logo":{"@type":"ImageObject","inLanguage":"es","@id":"http:\/\/smsafemode.com\/tienda\/#\/schema\/logo\/image\/","url":"https:\/\/storage.googleapis.com\/stateless-smsafemode-com\/2019\/01\/26291970407_ec01902df5_o.png","contentUrl":"https:\/\/storage.googleapis.com\/stateless-smsafemode-com\/2019\/01\/26291970407_ec01902df5_o.png","width":425,"height":426,"caption":"Safe Mode Sas"},"image":{"@id":"http:\/\/smsafemode.com\/tienda\/#\/schema\/logo\/image\/"},"sameAs":["https:\/\/www.facebook.com\/smsafemode","https:\/\/x.com\/SMsafemode"]}]}},"_links":{"self":[{"href":"https:\/\/smsafemode.com\/tienda\/wp-json\/wp\/v2\/product\/696","targetHints":{"allow":["GET"]}}],"collection":[{"href":"https:\/\/smsafemode.com\/tienda\/wp-json\/wp\/v2\/product"}],"about":[{"href":"https:\/\/smsafemode.com\/tienda\/wp-json\/wp\/v2\/types\/product"}],"wp:featuredmedia":[{"embeddable":true,"href":"https:\/\/smsafemode.com\/tienda\/wp-json\/wp\/v2\/media\/699"}],"wp:attachment":[{"href":"https:\/\/smsafemode.com\/tienda\/wp-json\/wp\/v2\/media?parent=696"}],"wp:term":[{"taxonomy":"product_brand","embeddable":true,"href":"https:\/\/smsafemode.com\/tienda\/wp-json\/wp\/v2\/product_brand?post=696"},{"taxonomy":"product_cat","embeddable":true,"href":"https:\/\/smsafemode.com\/tienda\/wp-json\/wp\/v2\/product_cat?post=696"},{"taxonomy":"product_tag","embeddable":true,"href":"https:\/\/smsafemode.com\/tienda\/wp-json\/wp\/v2\/product_tag?post=696"}],"curies":[{"name":"wp","href":"https:\/\/api.w.org\/{rel}","templated":true}]}}