{"id":1500,"date":"2022-10-07T09:02:37","date_gmt":"2022-10-07T14:02:37","guid":{"rendered":"http:\/\/smsafemode.com\/tienda\/?post_type=product&#038;p=1500"},"modified":"2023-12-17T09:14:51","modified_gmt":"2023-12-17T14:14:51","slug":"capacitaciones-sg-sst-plan-anual-30-capacitaciones","status":"publish","type":"product","link":"https:\/\/smsafemode.com\/tienda\/producto\/capacitaciones-sg-sst-plan-anual-30-capacitaciones\/","title":{"rendered":"Capacitaciones SG-SST (Plan anual 30 Capacitaciones)"},"content":{"rendered":"<h2>Servicio de capacitaciones anuales SG-SST<\/h2>\n<p>Este es un servicio gracias al cual facilitamos el proceso de capacitaci\u00f3n en todas las tem\u00e1ticas de seguridad y salud en el trabajo, permitiendo as\u00ed el cumplimiento adecuado de los establecidos en la normatividad vigente en la que se establece c\u00f3mo necesario el proceso de formaci\u00f3n y capacitaci\u00f3n a todos los trabajadores.<\/p>\n<div class=\"gca-column three-fifths first\"><table>\n<tbody>\n<tr>\n<td colspan=\"2\" width=\"589\">\n<h2 style=\"text-align: center;\">Ficha t\u00e9cnica de servicio<\/h2>\n<\/td>\n<\/tr>\n<tr>\n<td colspan=\"2\" width=\"589\">\n<h3 style=\"text-align: center;\">Capacitaci\u00f3n anual SG-SST<\/h3>\n<\/td>\n<\/tr>\n<tr>\n<td width=\"294\">Categor\u00eda de servicio<\/td>\n<td width=\"294\">Capacitaciones SG-SST<\/td>\n<\/tr>\n<tr>\n<td width=\"294\">Modalidad de servicio<\/td>\n<td width=\"294\">Virtual (multigrupal)<\/td>\n<\/tr>\n<tr>\n<td width=\"294\">Plataforma de conexi\u00f3n<\/td>\n<td width=\"294\">Google Meet<\/td>\n<\/tr>\n<tr>\n<td width=\"294\">Espacios de capacitaci\u00f3n totales<\/td>\n<td width=\"294\">30 distribuidas en 12 meses<\/td>\n<\/tr>\n<tr>\n<td width=\"294\">Duraci\u00f3n de cada actividad<\/td>\n<td width=\"294\">Entre 30 y 60 minutos por actividad<\/td>\n<\/tr>\n<tr>\n<td width=\"294\">Evaluaci\u00f3n<\/td>\n<td width=\"294\">Test b\u00e1sico<\/td>\n<\/tr>\n<tr>\n<td width=\"294\">Certificaci\u00f3n<\/td>\n<td width=\"294\">De participaci\u00f3n y aprobaci\u00f3n<\/td>\n<\/tr>\n<tr>\n<td width=\"294\">Horarios de actividades<\/td>\n<td width=\"294\">Definidos en el programa anual<\/td>\n<\/tr>\n<\/tbody>\n<\/table><\/div>\n<div class=\"gca-column two-fifths\"><p><span style=\"color: #125194;\"><strong><a href=\"http:\/\/smsafemode.com\/tienda\/?add-to-cart=1500&amp;quantity=1\"><img loading=\"lazy\" decoding=\"async\" class=\"aligncenter wp-image-1402 size-large\" title=\"servicio 70 capacitaciones sgsst virtual pagar\" src=\"https:\/\/storage.googleapis.com\/stateless-smsafemode-com\/2021\/09\/aabb433f-comprar-servicio-virtual-boton.svg\" alt=\"Comprarpaquete 70 capacitaciones SGSST\" width=\"843\" height=\"843\" \/><\/a><\/strong><\/span><\/p>\n<p><a href=\"https:\/\/smsafemode.com\/contactanos\/\"><img loading=\"lazy\" decoding=\"async\" class=\"alignnone\" title=\"pregunta por el plan de 30 capacitaciones SGSST\" src=\"https:\/\/storage.googleapis.com\/stateless-smsafemode-com\/2022\/04\/d0652b59-contacto-safe-mode-1536x553.png\" alt=\"Contactanos, Aclaramos tus inquietudes\" width=\"1536\" height=\"553\" \/><\/a><\/p>\n<p>Con nuestro servicio nos encargamos a capacitar a todos<\/p>\n<ul>\n<li>Todos los trabajadores<\/li>\n<li>COPASST<\/li>\n<li>Comit\u00e9 de Convivencia<\/li>\n<li>Brigada de emergencias<\/li>\n<li>Gerencia<\/li>\n<li>Responsables SST<\/li>\n<\/ul>\n<p><span style=\"color: #125194;\"><strong><a href=\"http:\/\/smsafemode.com\/tienda\/?add-to-cart=1500&amp;quantity=1\"><img loading=\"lazy\" decoding=\"async\" class=\"aligncenter wp-image-1402 size-large\" title=\"servicio 70 capacitaciones sgsst virtual pagar\" src=\"https:\/\/storage.googleapis.com\/stateless-smsafemode-com\/2021\/09\/aabb433f-comprar-servicio-virtual-boton.svg\" alt=\"Comprarpaquete 70 capacitaciones SGSST\" width=\"843\" height=\"843\" \/><\/a><\/strong><\/span><a href=\"https:\/\/api.whatsapp.com\/send?phone=573232327640&amp;text=Hola,%20me%20gustaria%20mas%20informacion%20del%20servicio%20de%2030%20capacitaciones%20anuales%20del%20SGSST\" target=\"_blank\" rel=\"noopener noreferrer\"><strong><img loading=\"lazy\" decoding=\"async\" class=\"aligncenter\" title=\"Cotizar el Servicio por Whatsapp\" src=\"https:\/\/firebasestorage.googleapis.com\/v0\/b\/safe-mode.appspot.com\/o\/smsafemode.com%2Fbotones%20de%20promocion%2Fboton%20hablamos%20por%20whatsapp.svg?alt=media&amp;token=5b2f6823-4af9-4946-9ff9-a3a92ee75356\" alt=\"Cotizar capacitaciones SGSST por whatsapp\" width=\"653\" height=\"84\" \/><\/strong><\/a><\/p><\/div><div class=\"gca-utility clearfix\"><\/div>\n<hr \/>\n<h2>Accede a 30 espacios de capacitaci\u00f3n virtual SGSST<\/h2>\n<p>Al adquirir este paquete de capacitaciones te brindamos acceso a todas las actividades de capacitaci\u00f3n (30 capacitaciones virtuales) distribuidas en un per\u00edodo de 12 meses es decir un a\u00f1o, en el que todos los trabajadores de tu organizaci\u00f3n o empresa pueden acceder a nuestros espacios de formaci\u00f3n empresarial en seguridad y salud en el trabajo.<\/p>\n<h2>Capacitaciones Principales SST<\/h2>\n<p>Podemos enfocar un programa de capacitaci\u00f3n modelo en el cual se atienden los principales temas o factores que deben ser socializados con la poblaci\u00f3n trabajadora, de los cuales lo m\u00e1s recomendable es la participaci\u00f3n de todos, normalmente los programas de capacitaciones pueden llegar a tener en cuenta alrededor de 12 capacitaciones al a\u00f1o por trabajador sin embargo como parte de nuestra oferta de valor te brindamos el acceso a las 30 actividades sin ning\u00fan costo adicional.<\/p>\n<p>Para m\u00e1s de 50 trabajadores debes tener el plan sin limites que incluye ademas 70 actividades<\/p>\n<h2>Conoce tambien el plan de 70 capacitaciones<\/h2>\n<blockquote class=\"wp-embedded-content\" data-secret=\"bMK2JMKhOa\"><p><a href=\"http:\/\/smsafemode.com\/tienda\/producto\/capacitaciones-sgsst-plan-70-cpacitaciones-al-ano\/\">Capacitaciones SGSST (Plan anual 70 Capacitaciones)<\/a><\/p><\/blockquote>\n<p><iframe class=\"wp-embedded-content\" title=\"\u00abCapacitaciones SGSST (Plan anual 70 Capacitaciones)\u00bb \u2014 Tienda Virtual\" src=\"http:\/\/smsafemode.com\/tienda\/producto\/capacitaciones-sgsst-plan-70-cpacitaciones-al-ano\/embed\/#?secret=bMK2JMKhOa\" width=\"100%\" frameborder=\"0\" marginwidth=\"0\" marginheight=\"0\" scrolling=\"no\" sandbox=\"allow-scripts\" data-secret=\"bMK2JMKhOa\"><span data-mce-type=\"bookmark\" style=\"display: inline-block; width: 0px; overflow: hidden; line-height: 0;\" class=\"mce_SELRES_start\">\ufeff<\/span><\/iframe><script type=\"text\/javascript\">\n\/*! This file is auto-generated *\/\n!function(c,d){\"use strict\";var e=!1,o=!1;if(d.querySelector)if(c.addEventListener)e=!0;if(c.wp=c.wp||{},!c.wp.receiveEmbedMessage)if(c.wp.receiveEmbedMessage=function(e){var t=e.data;if(t)if(t.secret||t.message||t.value)if(!\/[^a-zA-Z0-9]\/.test(t.secret)){for(var r,a,i,s=d.querySelectorAll('iframe[data-secret=\"'+t.secret+'\"]'),n=d.querySelectorAll('blockquote[data-secret=\"'+t.secret+'\"]'),o=0;o<n.length;o++)n[o].style.display=\"none\";for(o=0;o<s.length;o++)if(r=s[o],e.source===r.contentWindow){if(r.removeAttribute(\"style\"),\"height\"===t.message){if(1e3<(i=parseInt(t.value,10)))i=1e3;else if(~~i<200)i=200;r.height=i}if(\"link\"===t.message)if(a=d.createElement(\"a\"),i=d.createElement(\"a\"),a.href=r.getAttribute(\"src\"),i.href=t.value,i.host===a.host)if(d.activeElement===r)c.top.location.href=t.value}}},e)c.addEventListener(\"message\",c.wp.receiveEmbedMessage,!1),d.addEventListener(\"DOMContentLoaded\",t,!1),c.addEventListener(\"load\",t,!1);function t(){if(!o){o=!0;for(var e,t,r,a=-1!==navigator.appVersion.indexOf(\"MSIE 10\"),i=!!navigator.userAgent.match(\/Trident.*rv:11\\.\/),s=d.querySelectorAll(\"iframe.wp-embedded-content\"),n=0;n<s.length;n++){if(!(r=(t=s[n]).getAttribute(\"data-secret\")))r=Math.random().toString(36).substr(2,10),t.src+=\"#?secret=\"+r,t.setAttribute(\"data-secret\",r);if(a||i)(e=t.cloneNode(!0)).removeAttribute(\"security\"),t.parentNode.replaceChild(e,t);t.contentWindow.postMessage({message:\"ready\",secret:r},\"*\")}}}}(window,document);\n<\/script><\/p>\n<p><a href=\"http:\/\/smsafemode.com\/tienda\/?add-to-cart=1500&amp;quantity=1\"><img loading=\"lazy\" decoding=\"async\" class=\"alignnone\" title=\"comprar plan 70 capacitaciones SGSST\" src=\"https:\/\/firebasestorage.googleapis.com\/v0\/b\/safe-mode.appspot.com\/o\/smsafemode.com%2Ftienda%20virtual%20SM%2FBoton%20a%C3%B1adir%20al%20carrito.svg?alt=media&amp;token=dd6bfc04-2a01-4336-86c0-373fe7748574\" alt=\"A\u00f1adir al carrito plan 30 capacitacion SGSST\" width=\"970\" height=\"92\" \/><\/a><\/p>\n<h2>Ahorra tiempo y dinero en el programa de capacitaciones SG-SST<\/h2>\n<p>Uno de nuestros objetivos organizacionales es proyectar soluciones a las empresas en este caso hacia el enfoque de cobertura en acciones de prevenci\u00f3n de riesgos dentro del sistema de gesti\u00f3n de seguridad y salud en el trabajo, independientemente s\u00ed tu empresa tiene muchos o pocos trabajadores, nos damos cuenta qu\u00e9 se puede convertir en una tarea compleja dise\u00f1ar y Establecer un proceso de capacitaci\u00f3n adecuada, es por este motivo que con el presente servicio podr\u00e1s tener la tranquilidad de una gesti\u00f3n adecuada en el proceso de capacitaci\u00f3n en seguridad y salud en el trabajo como una parte fundamental en la prevenci\u00f3n y control de riesgos laborales.<\/p>\n<p>Aproximadamente para el desarrollo de cada una de las actividades empleamos en tiempo alrededor de 60 horas en planificaci\u00f3n de la tem\u00e1tica dise\u00f1o de metodolog\u00eda y recursos visuales para entregarles a nuestros clientes un servicio de la m\u00e1s alta calidad con el apoyo de un equipo profesional multidisciplinario qu\u00e9 contribuye efectivamente en qu\u00e9 el proceso de formaci\u00f3n y capacitaci\u00f3n sea lo m\u00e1s amigablemente posible y atractivo para todos los trabajadores<\/p>\n<h3>Actividades multigrupales<\/h3>\n<p>Con el animo de mantener precios bajos y poder ofrecer un servicio de la m\u00e1s alta calidad en las actividades se podr\u00e1n conectar trabajadores de diferentes empresas para completar el cupo por sesi\u00f3n de capacitaciones permitiendo as\u00ed que una actividad virtual con costo promedio de 250.000 pueda quedar en menos de 17.000 por actividad en promedio.<\/p>\n<p><a href=\"http:\/\/smsafemode.com\/tienda\/?add-to-cart=1500&amp;quantity=1\"><img loading=\"lazy\" decoding=\"async\" class=\"alignnone\" title=\"comprar plan 70 capacitaciones SGSST\" src=\"https:\/\/firebasestorage.googleapis.com\/v0\/b\/safe-mode.appspot.com\/o\/smsafemode.com%2Ftienda%20virtual%20SM%2FBoton%20a%C3%B1adir%20al%20carrito.svg?alt=media&amp;token=dd6bfc04-2a01-4336-86c0-373fe7748574\" alt=\"A\u00f1adir al carrito plan 30 capacitacion SGSST\" width=\"970\" height=\"92\" \/><\/a><\/p>\n<h2><img loading=\"lazy\" decoding=\"async\" class=\"aligncenter size-medium\" src=\"https:\/\/firebasestorage.googleapis.com\/v0\/b\/safe-mode.appspot.com\/o\/svg%20para%20paginas%2FSafe%20Mode%20----%20color%20formas.svg?alt=media&amp;token=08d31062-616b-436d-91e4-07e34745d6ae\" alt=\"Servicio de Safe Mode SAS\" width=\"1755\" height=\"342\" \/><\/h2>\n","protected":false},"excerpt":{"rendered":"<p>Servicio para capacitacion al personal de tu empresa en SG-SST, accede a <strong>30 capacitaciones<\/strong> virtuales al a\u00f1o realizadas por profesionales, accesos <strong>hasta 50 trabajadores<\/strong>, profesionales y especialistas<\/p>\n<p style=\"text-align: center;\"><strong>Capacitacion + Certificaciones por trabajador incluidas \ud83d\ude42<\/strong><\/p>\n","protected":false},"featured_media":1505,"template":"","meta":{"inline_featured_image":false,"_joinchat":{"message_send":"Hola, me gustaria mas informacion del servicio de 30 capacitaciones anuales del SGSST"}},"product_brand":[],"product_cat":[124,123,125],"product_tag":[311,309,177,310],"class_list":{"0":"post-1500","1":"product","2":"type-product","3":"status-publish","4":"has-post-thumbnail","6":"product_cat-capacitaciones","7":"product_cat-seguridad-y-salud-en-el-trabajo-sst","8":"product_cat-virtuales","9":"product_tag-capacitacion-en-directo","10":"product_tag-capacitacion-sgsst","11":"product_tag-capacitacion-virtual","12":"product_tag-plan-de-capacitaciones-anuales","14":"first","15":"instock","16":"virtual","17":"sold-individually","18":"taxable","19":"purchasable","20":"product-type-simple","21":"customify-col"},"yoast_head":"<!-- This site is optimized with the Yoast SEO plugin v26.7 - https:\/\/yoast.com\/wordpress\/plugins\/seo\/ -->\n<title>Capacitaciones SG-SST (Plan anual 30 Capacitaciones) | SM<\/title>\n<meta name=\"description\" content=\"Servicio de capacitaciones SG-SST (1 A\u00d1O), formacion virtual con 30 espacios de actividades con nuestros expertos... \u27a4 Suscribete\" \/>\n<meta name=\"robots\" content=\"index, follow, max-snippet:-1, max-image-preview:large, max-video-preview:-1\" \/>\n<link rel=\"canonical\" href=\"https:\/\/smsafemode.com\/tienda\/producto\/capacitaciones-sg-sst-plan-anual-30-capacitaciones\/\" \/>\n<meta property=\"og:locale\" content=\"es_ES\" \/>\n<meta property=\"og:type\" content=\"article\" \/>\n<meta property=\"og:title\" content=\"Capacitaciones SG-SST (Plan anual 30 Capacitaciones) | SM\" \/>\n<meta property=\"og:description\" content=\"Servicio de capacitaciones SG-SST (1 A\u00d1O), formacion virtual con 30 espacios de actividades con nuestros expertos... \u27a4 Suscribete\" \/>\n<meta property=\"og:url\" content=\"https:\/\/smsafemode.com\/tienda\/producto\/capacitaciones-sg-sst-plan-anual-30-capacitaciones\/\" \/>\n<meta property=\"og:site_name\" content=\"Tienda Virtual\" \/>\n<meta property=\"article:publisher\" content=\"https:\/\/www.facebook.com\/smsafemode\" \/>\n<meta property=\"article:modified_time\" content=\"2023-12-17T14:14:51+00:00\" \/>\n<meta property=\"og:image\" content=\"https:\/\/storage.googleapis.com\/stateless-smsafemode-com\/2022\/10\/84e3c0d2-30-capacitaciones-virtuales-sgsst.png\" \/>\n\t<meta property=\"og:image:width\" content=\"1162\" \/>\n\t<meta property=\"og:image:height\" content=\"1449\" \/>\n\t<meta property=\"og:image:type\" content=\"image\/png\" \/>\n<meta name=\"twitter:card\" content=\"summary_large_image\" \/>\n<meta name=\"twitter:site\" content=\"@SMsafemode\" \/>\n<meta name=\"twitter:label1\" content=\"Tiempo de lectura\" \/>\n\t<meta name=\"twitter:data1\" content=\"5 minutos\" \/>\n<script type=\"application\/ld+json\" class=\"yoast-schema-graph\">{\"@context\":\"https:\/\/schema.org\",\"@graph\":[{\"@type\":\"WebPage\",\"@id\":\"https:\/\/smsafemode.com\/tienda\/producto\/capacitaciones-sg-sst-plan-anual-30-capacitaciones\/\",\"url\":\"https:\/\/smsafemode.com\/tienda\/producto\/capacitaciones-sg-sst-plan-anual-30-capacitaciones\/\",\"name\":\"Capacitaciones SG-SST (Plan anual 30 Capacitaciones) | SM\",\"isPartOf\":{\"@id\":\"http:\/\/smsafemode.com\/tienda\/#website\"},\"primaryImageOfPage\":{\"@id\":\"https:\/\/smsafemode.com\/tienda\/producto\/capacitaciones-sg-sst-plan-anual-30-capacitaciones\/#primaryimage\"},\"image\":{\"@id\":\"https:\/\/smsafemode.com\/tienda\/producto\/capacitaciones-sg-sst-plan-anual-30-capacitaciones\/#primaryimage\"},\"thumbnailUrl\":\"https:\/\/storage.googleapis.com\/stateless-smsafemode-com\/2022\/10\/84e3c0d2-30-capacitaciones-virtuales-sgsst.png\",\"datePublished\":\"2022-10-07T14:02:37+00:00\",\"dateModified\":\"2023-12-17T14:14:51+00:00\",\"description\":\"Servicio de capacitaciones SG-SST (1 A\u00d1O), formacion virtual con 30 espacios de actividades con nuestros expertos... \u27a4 Suscribete\",\"breadcrumb\":{\"@id\":\"https:\/\/smsafemode.com\/tienda\/producto\/capacitaciones-sg-sst-plan-anual-30-capacitaciones\/#breadcrumb\"},\"inLanguage\":\"es\",\"potentialAction\":[{\"@type\":\"ReadAction\",\"target\":[\"https:\/\/smsafemode.com\/tienda\/producto\/capacitaciones-sg-sst-plan-anual-30-capacitaciones\/\"]}]},{\"@type\":\"ImageObject\",\"inLanguage\":\"es\",\"@id\":\"https:\/\/smsafemode.com\/tienda\/producto\/capacitaciones-sg-sst-plan-anual-30-capacitaciones\/#primaryimage\",\"url\":\"https:\/\/storage.googleapis.com\/stateless-smsafemode-com\/2022\/10\/84e3c0d2-30-capacitaciones-virtuales-sgsst.png\",\"contentUrl\":\"https:\/\/storage.googleapis.com\/stateless-smsafemode-com\/2022\/10\/84e3c0d2-30-capacitaciones-virtuales-sgsst.png\",\"width\":1162,\"height\":1449,\"caption\":\"capacitaciones de seguridad y salud en el trabajo1\"},{\"@type\":\"BreadcrumbList\",\"@id\":\"https:\/\/smsafemode.com\/tienda\/producto\/capacitaciones-sg-sst-plan-anual-30-capacitaciones\/#breadcrumb\",\"itemListElement\":[{\"@type\":\"ListItem\",\"position\":1,\"name\":\"Portada\",\"item\":\"https:\/\/smsafemode.com\/tienda\/\"},{\"@type\":\"ListItem\",\"position\":2,\"name\":\"Inicio\",\"item\":\"https:\/\/smsafemode.com\/tienda\/\"},{\"@type\":\"ListItem\",\"position\":3,\"name\":\"Capacitaciones SG-SST (Plan anual 30 Capacitaciones)\"}]},{\"@type\":\"WebSite\",\"@id\":\"http:\/\/smsafemode.com\/tienda\/#website\",\"url\":\"http:\/\/smsafemode.com\/tienda\/\",\"name\":\"Tienda Virtual\",\"description\":\"Todas nuestras soluciones a un clic\",\"publisher\":{\"@id\":\"http:\/\/smsafemode.com\/tienda\/#organization\"},\"potentialAction\":[{\"@type\":\"SearchAction\",\"target\":{\"@type\":\"EntryPoint\",\"urlTemplate\":\"http:\/\/smsafemode.com\/tienda\/?s={search_term_string}\"},\"query-input\":{\"@type\":\"PropertyValueSpecification\",\"valueRequired\":true,\"valueName\":\"search_term_string\"}}],\"inLanguage\":\"es\"},{\"@type\":\"Organization\",\"@id\":\"http:\/\/smsafemode.com\/tienda\/#organization\",\"name\":\"Safe Mode Sas\",\"url\":\"http:\/\/smsafemode.com\/tienda\/\",\"logo\":{\"@type\":\"ImageObject\",\"inLanguage\":\"es\",\"@id\":\"http:\/\/smsafemode.com\/tienda\/#\/schema\/logo\/image\/\",\"url\":\"https:\/\/storage.googleapis.com\/stateless-smsafemode-com\/2019\/01\/26291970407_ec01902df5_o.png\",\"contentUrl\":\"https:\/\/storage.googleapis.com\/stateless-smsafemode-com\/2019\/01\/26291970407_ec01902df5_o.png\",\"width\":425,\"height\":426,\"caption\":\"Safe Mode Sas\"},\"image\":{\"@id\":\"http:\/\/smsafemode.com\/tienda\/#\/schema\/logo\/image\/\"},\"sameAs\":[\"https:\/\/www.facebook.com\/smsafemode\",\"https:\/\/x.com\/SMsafemode\"]}]}<\/script>\n<!-- \/ Yoast SEO plugin. -->","yoast_head_json":{"title":"Capacitaciones SG-SST (Plan anual 30 Capacitaciones) | SM","description":"Servicio de capacitaciones SG-SST (1 A\u00d1O), formacion virtual con 30 espacios de actividades con nuestros expertos... \u27a4 Suscribete","robots":{"index":"index","follow":"follow","max-snippet":"max-snippet:-1","max-image-preview":"max-image-preview:large","max-video-preview":"max-video-preview:-1"},"canonical":"https:\/\/smsafemode.com\/tienda\/producto\/capacitaciones-sg-sst-plan-anual-30-capacitaciones\/","og_locale":"es_ES","og_type":"article","og_title":"Capacitaciones SG-SST (Plan anual 30 Capacitaciones) | SM","og_description":"Servicio de capacitaciones SG-SST (1 A\u00d1O), formacion virtual con 30 espacios de actividades con nuestros expertos... \u27a4 Suscribete","og_url":"https:\/\/smsafemode.com\/tienda\/producto\/capacitaciones-sg-sst-plan-anual-30-capacitaciones\/","og_site_name":"Tienda Virtual","article_publisher":"https:\/\/www.facebook.com\/smsafemode","article_modified_time":"2023-12-17T14:14:51+00:00","og_image":[{"width":1162,"height":1449,"url":"https:\/\/storage.googleapis.com\/stateless-smsafemode-com\/2022\/10\/84e3c0d2-30-capacitaciones-virtuales-sgsst.png","type":"image\/png"}],"twitter_card":"summary_large_image","twitter_site":"@SMsafemode","twitter_misc":{"Tiempo de lectura":"5 minutos"},"schema":{"@context":"https:\/\/schema.org","@graph":[{"@type":"WebPage","@id":"https:\/\/smsafemode.com\/tienda\/producto\/capacitaciones-sg-sst-plan-anual-30-capacitaciones\/","url":"https:\/\/smsafemode.com\/tienda\/producto\/capacitaciones-sg-sst-plan-anual-30-capacitaciones\/","name":"Capacitaciones SG-SST (Plan anual 30 Capacitaciones) | SM","isPartOf":{"@id":"http:\/\/smsafemode.com\/tienda\/#website"},"primaryImageOfPage":{"@id":"https:\/\/smsafemode.com\/tienda\/producto\/capacitaciones-sg-sst-plan-anual-30-capacitaciones\/#primaryimage"},"image":{"@id":"https:\/\/smsafemode.com\/tienda\/producto\/capacitaciones-sg-sst-plan-anual-30-capacitaciones\/#primaryimage"},"thumbnailUrl":"https:\/\/storage.googleapis.com\/stateless-smsafemode-com\/2022\/10\/84e3c0d2-30-capacitaciones-virtuales-sgsst.png","datePublished":"2022-10-07T14:02:37+00:00","dateModified":"2023-12-17T14:14:51+00:00","description":"Servicio de capacitaciones SG-SST (1 A\u00d1O), formacion virtual con 30 espacios de actividades con nuestros expertos... \u27a4 Suscribete","breadcrumb":{"@id":"https:\/\/smsafemode.com\/tienda\/producto\/capacitaciones-sg-sst-plan-anual-30-capacitaciones\/#breadcrumb"},"inLanguage":"es","potentialAction":[{"@type":"ReadAction","target":["https:\/\/smsafemode.com\/tienda\/producto\/capacitaciones-sg-sst-plan-anual-30-capacitaciones\/"]}]},{"@type":"ImageObject","inLanguage":"es","@id":"https:\/\/smsafemode.com\/tienda\/producto\/capacitaciones-sg-sst-plan-anual-30-capacitaciones\/#primaryimage","url":"https:\/\/storage.googleapis.com\/stateless-smsafemode-com\/2022\/10\/84e3c0d2-30-capacitaciones-virtuales-sgsst.png","contentUrl":"https:\/\/storage.googleapis.com\/stateless-smsafemode-com\/2022\/10\/84e3c0d2-30-capacitaciones-virtuales-sgsst.png","width":1162,"height":1449,"caption":"capacitaciones de seguridad y salud en el trabajo1"},{"@type":"BreadcrumbList","@id":"https:\/\/smsafemode.com\/tienda\/producto\/capacitaciones-sg-sst-plan-anual-30-capacitaciones\/#breadcrumb","itemListElement":[{"@type":"ListItem","position":1,"name":"Portada","item":"https:\/\/smsafemode.com\/tienda\/"},{"@type":"ListItem","position":2,"name":"Inicio","item":"https:\/\/smsafemode.com\/tienda\/"},{"@type":"ListItem","position":3,"name":"Capacitaciones SG-SST (Plan anual 30 Capacitaciones)"}]},{"@type":"WebSite","@id":"http:\/\/smsafemode.com\/tienda\/#website","url":"http:\/\/smsafemode.com\/tienda\/","name":"Tienda Virtual","description":"Todas nuestras soluciones a un clic","publisher":{"@id":"http:\/\/smsafemode.com\/tienda\/#organization"},"potentialAction":[{"@type":"SearchAction","target":{"@type":"EntryPoint","urlTemplate":"http:\/\/smsafemode.com\/tienda\/?s={search_term_string}"},"query-input":{"@type":"PropertyValueSpecification","valueRequired":true,"valueName":"search_term_string"}}],"inLanguage":"es"},{"@type":"Organization","@id":"http:\/\/smsafemode.com\/tienda\/#organization","name":"Safe Mode Sas","url":"http:\/\/smsafemode.com\/tienda\/","logo":{"@type":"ImageObject","inLanguage":"es","@id":"http:\/\/smsafemode.com\/tienda\/#\/schema\/logo\/image\/","url":"https:\/\/storage.googleapis.com\/stateless-smsafemode-com\/2019\/01\/26291970407_ec01902df5_o.png","contentUrl":"https:\/\/storage.googleapis.com\/stateless-smsafemode-com\/2019\/01\/26291970407_ec01902df5_o.png","width":425,"height":426,"caption":"Safe Mode Sas"},"image":{"@id":"http:\/\/smsafemode.com\/tienda\/#\/schema\/logo\/image\/"},"sameAs":["https:\/\/www.facebook.com\/smsafemode","https:\/\/x.com\/SMsafemode"]}]}},"_links":{"self":[{"href":"https:\/\/smsafemode.com\/tienda\/wp-json\/wp\/v2\/product\/1500","targetHints":{"allow":["GET"]}}],"collection":[{"href":"https:\/\/smsafemode.com\/tienda\/wp-json\/wp\/v2\/product"}],"about":[{"href":"https:\/\/smsafemode.com\/tienda\/wp-json\/wp\/v2\/types\/product"}],"wp:featuredmedia":[{"embeddable":true,"href":"https:\/\/smsafemode.com\/tienda\/wp-json\/wp\/v2\/media\/1505"}],"wp:attachment":[{"href":"https:\/\/smsafemode.com\/tienda\/wp-json\/wp\/v2\/media?parent=1500"}],"wp:term":[{"taxonomy":"product_brand","embeddable":true,"href":"https:\/\/smsafemode.com\/tienda\/wp-json\/wp\/v2\/product_brand?post=1500"},{"taxonomy":"product_cat","embeddable":true,"href":"https:\/\/smsafemode.com\/tienda\/wp-json\/wp\/v2\/product_cat?post=1500"},{"taxonomy":"product_tag","embeddable":true,"href":"https:\/\/smsafemode.com\/tienda\/wp-json\/wp\/v2\/product_tag?post=1500"}],"curies":[{"name":"wp","href":"https:\/\/api.w.org\/{rel}","templated":true}]}}