{"id":12,"date":"2019-01-12T23:52:47","date_gmt":"2019-01-12T23:52:47","guid":{"rendered":"http:\/\/smsafemode.com\/tienda\/producto\/asesoria-presencial-sst\/"},"modified":"2021-09-11T19:47:55","modified_gmt":"2021-09-12T00:47:55","slug":"asesoria-presencial-sst","status":"publish","type":"product","link":"https:\/\/smsafemode.com\/tienda\/producto\/asesoria-presencial-sst\/","title":{"rendered":"Asesor\u00eda presencial SST"},"content":{"rendered":"<h4>Con este servicio podemos asesorarte en modalidad presencial en los temas de seguridad y salud en el trabajo (SGSST) aclarado tus inquietudes y gui\u00e1ndote para que puedas tener una implementaci\u00f3n adecuada.<\/h4>\n<hr \/>\n<h4>Siempre ofrecemos nuestros servicios de la m\u00e1s alta calidad por esto mismo por la compra de este servicio recibes:<\/h4>\n<ul>\n<li>\n<h4>Visita de uno de nuestros expertos en seguridad y salud en el trabajo con licencia vigente<\/h4>\n<\/li>\n<li>\n<h4>Asesoramiento con una duraci\u00f3n de 2 horas<\/h4>\n<\/li>\n<li>\n<h4>Generaci\u00f3n de recomendaciones en la asesor\u00eda<\/h4>\n<\/li>\n<li>\n<h4>1 seguimiento telef\u00f3nico<\/h4>\n<\/li>\n<\/ul>\n<hr \/>\n<h4>Por las caracter\u00edsticas de este servicio la visita presencial para la asesor\u00eda es de c\u00f3mo m\u00ednimo 2 horas donde uno de nuestros asesores se acerca a su sucursal para brindarle la asesor\u00eda donde podar consultarle directamente cualquier inquietud, de igual manera enviaremos a su correo electr\u00f3nico las recomendaciones concretas para que las pueda aplicar con mayor facilidad a su sistema de gesti\u00f3n (SG-SST).<\/h4>\n<h4>De igual manera 1 semana despu\u00e9s le brindamos un seguimiento telef\u00f3nico (15 minutos) en el cual aclaramos cualquier inquietud adicional que haya podido surgir despu\u00e9s de la asesor\u00eda presencial.<\/h4>\n<h4><\/h4>\n<hr \/>\n<h4><span style=\"color: #ff6600;\"><span style=\"color: #ff6600;\">Programaci\u00f3n<\/span><strong style=\"color: #ff6600;\">\u00a0de\u00a0<\/strong><\/span><span style=\"color: #ff6600;\">asesor\u00edas<\/span><\/h4>\n<h4>Las asesor\u00edas presenciales \u00fanicamente est\u00e1n disponibles en los horarios h\u00e1biles que manejamos en la empresa, de lunes a viernes de 8:00 am a 5:00 pm, una vez solicitado el servicio y generado el pago el asesor designado se comunicar\u00e1 contigo para agendar la asesor\u00eda, en caso de requerir reprogramar la asesor\u00eda debe notificarse con 24 horas de anticipaci\u00f3n v\u00eda correo electr\u00f3nico a<a href=\"mailto:virtual@safemode.com.co\">virtual@safemode.com.co<\/a>.<\/h4>\n<hr \/>\n<h4><span style=\"color: #ff6600;\"><span style=\"color: #ff6600;\">Validaci\u00f3n<\/span><strong style=\"color: #ff6600;\">\u00a0de cobertura<\/strong><\/span><\/h4>\n<h4>En caso tal en el que requieras una asesor\u00eda fuera de Bogot\u00e1 verifica que tenemos cobertura de este servicio en nuestros tel\u00e9fonos (323)232-7640 tambi\u00e9n puedes escribirnos a <a href=\"mailto:virtual@safemode.com.co\">virtual@safemode.com.co<\/a><\/h4>\n<h4 style=\"text-align: center;\"><strong>Esta es una soluci\u00f3n<\/strong><\/h4>\n<p><img loading=\"lazy\" decoding=\"async\" class=\"aligncenter\" title=\"soluciones HSEQ para empresas, icono naranja, safe mode\" src=\"https:\/\/firebasestorage.googleapis.com\/v0\/b\/safe-mode.appspot.com\/o\/separadores%20svg%20para%20paginas%2FHSEQ%20%20tv.svg?alt=media&amp;token=829c7593-4ef5-4aa6-aeb0-84a8ca5b35ff\" alt=\"servicios HSEQ\" width=\"944\" height=\"152\" \/><\/p>\n","protected":false},"excerpt":{"rendered":"<p>Este servicio es creado para ofrecerles a las empresas la posibilidad de guiarlos en el proceso de implementaci\u00f3n de SG-SST con el acompa\u00f1amiento presencial de nuestros expertos (el valor de este servicios es por dos horas) <strong>SOLO BOGOT\u00c1 Y ALGUNOS MUNICIPIOS ALEDA\u00d1OS<\/strong><\/p>\n","protected":false},"featured_media":31,"template":"","meta":{"inline_featured_image":false,"_joinchat":[]},"product_brand":[],"product_cat":[17],"product_tag":[43,44,45,46,47,48,49,50,51,52,53,54,55,56],"class_list":{"0":"post-12","1":"product","2":"type-product","3":"status-publish","4":"has-post-thumbnail","6":"product_cat-hseq-seguridad-y-salud-en-el-trabajo-sst-asesorias-sst","7":"product_tag-asesoramiento-empresarial","8":"product_tag-asesorias","9":"product_tag-consultoria","10":"product_tag-decreto-1072","11":"product_tag-expertos","12":"product_tag-hseq","13":"product_tag-presencial","14":"product_tag-resolucion-1111","15":"product_tag-servicio","16":"product_tag-sg-sst","17":"product_tag-sgsst","18":"product_tag-siso","19":"product_tag-sisoma","20":"product_tag-sst","22":"first","23":"instock","24":"virtual","25":"taxable","26":"purchasable","27":"product-type-simple","28":"customify-col"},"yoast_head":"<!-- This site is optimized with the Yoast SEO plugin v26.7 - https:\/\/yoast.com\/wordpress\/plugins\/seo\/ -->\n<title>Asesor\u00eda presencial SST | Tienda Virtual Safe Mode<\/title>\n<meta name=\"robots\" content=\"index, follow, max-snippet:-1, max-image-preview:large, max-video-preview:-1\" \/>\n<link rel=\"canonical\" href=\"http:\/\/smsafemode.com\/tienda\/producto\/asesoria-presencial-sst\/\" \/>\n<meta property=\"og:locale\" content=\"es_ES\" \/>\n<meta property=\"og:type\" content=\"article\" \/>\n<meta property=\"og:title\" content=\"Asesor\u00eda presencial SST | Tienda Virtual Safe Mode\" \/>\n<meta property=\"og:description\" content=\"Este servicio es creado para ofrecerles a las empresas la posibilidad de guiarlos en el proceso de implementaci\u00f3n de SG-SST con el acompa\u00f1amiento presencial de nuestros expertos (el valor de este servicios es por dos horas) SOLO BOGOT\u00c1 Y ALGUNOS MUNICIPIOS ALEDA\u00d1OS\" \/>\n<meta property=\"og:url\" content=\"http:\/\/smsafemode.com\/tienda\/producto\/asesoria-presencial-sst\/\" \/>\n<meta property=\"og:site_name\" content=\"Tienda Virtual\" \/>\n<meta property=\"article:publisher\" content=\"https:\/\/www.facebook.com\/smsafemode\" \/>\n<meta property=\"article:modified_time\" content=\"2021-09-12T00:47:55+00:00\" \/>\n<meta property=\"og:image\" content=\"https:\/\/farm1.staticflickr.com\/787\/26428487327_085cc2bc73_o.png\" \/>\n<meta name=\"twitter:card\" content=\"summary_large_image\" \/>\n<meta name=\"twitter:image\" content=\"https:\/\/farm1.staticflickr.com\/787\/26428487327_085cc2bc73_o.png\" \/>\n<meta name=\"twitter:site\" content=\"@SMsafemode\" \/>\n<meta name=\"twitter:label1\" content=\"Tiempo de lectura\" \/>\n\t<meta name=\"twitter:data1\" content=\"2 minutos\" \/>\n<script type=\"application\/ld+json\" class=\"yoast-schema-graph\">{\"@context\":\"https:\/\/schema.org\",\"@graph\":[{\"@type\":\"WebPage\",\"@id\":\"http:\/\/smsafemode.com\/tienda\/producto\/asesoria-presencial-sst\/\",\"url\":\"http:\/\/smsafemode.com\/tienda\/producto\/asesoria-presencial-sst\/\",\"name\":\"Asesor\u00eda presencial SST | Tienda Virtual Safe Mode\",\"isPartOf\":{\"@id\":\"http:\/\/smsafemode.com\/tienda\/#website\"},\"primaryImageOfPage\":{\"@id\":\"http:\/\/smsafemode.com\/tienda\/producto\/asesoria-presencial-sst\/#primaryimage\"},\"image\":{\"@id\":\"http:\/\/smsafemode.com\/tienda\/producto\/asesoria-presencial-sst\/#primaryimage\"},\"thumbnailUrl\":\"https:\/\/farm1.staticflickr.com\/787\/26428487327_085cc2bc73_o.png\",\"datePublished\":\"2019-01-12T23:52:47+00:00\",\"dateModified\":\"2021-09-12T00:47:55+00:00\",\"breadcrumb\":{\"@id\":\"http:\/\/smsafemode.com\/tienda\/producto\/asesoria-presencial-sst\/#breadcrumb\"},\"inLanguage\":\"es\",\"potentialAction\":[{\"@type\":\"ReadAction\",\"target\":[\"http:\/\/smsafemode.com\/tienda\/producto\/asesoria-presencial-sst\/\"]}]},{\"@type\":\"ImageObject\",\"inLanguage\":\"es\",\"@id\":\"http:\/\/smsafemode.com\/tienda\/producto\/asesoria-presencial-sst\/#primaryimage\",\"url\":\"https:\/\/farm1.staticflickr.com\/787\/26428487327_085cc2bc73_o.png\",\"contentUrl\":\"https:\/\/farm1.staticflickr.com\/787\/26428487327_085cc2bc73_o.png\",\"width\":\"703\",\"height\":\"870\",\"caption\":\"Asesor\u00eda presencial SST\"},{\"@type\":\"BreadcrumbList\",\"@id\":\"http:\/\/smsafemode.com\/tienda\/producto\/asesoria-presencial-sst\/#breadcrumb\",\"itemListElement\":[{\"@type\":\"ListItem\",\"position\":1,\"name\":\"Portada\",\"item\":\"https:\/\/smsafemode.com\/tienda\/\"},{\"@type\":\"ListItem\",\"position\":2,\"name\":\"Inicio\",\"item\":\"https:\/\/smsafemode.com\/tienda\/\"},{\"@type\":\"ListItem\",\"position\":3,\"name\":\"Asesor\u00eda presencial SST\"}]},{\"@type\":\"WebSite\",\"@id\":\"http:\/\/smsafemode.com\/tienda\/#website\",\"url\":\"http:\/\/smsafemode.com\/tienda\/\",\"name\":\"Tienda Virtual\",\"description\":\"Todas nuestras soluciones a un clic\",\"publisher\":{\"@id\":\"http:\/\/smsafemode.com\/tienda\/#organization\"},\"potentialAction\":[{\"@type\":\"SearchAction\",\"target\":{\"@type\":\"EntryPoint\",\"urlTemplate\":\"http:\/\/smsafemode.com\/tienda\/?s={search_term_string}\"},\"query-input\":{\"@type\":\"PropertyValueSpecification\",\"valueRequired\":true,\"valueName\":\"search_term_string\"}}],\"inLanguage\":\"es\"},{\"@type\":\"Organization\",\"@id\":\"http:\/\/smsafemode.com\/tienda\/#organization\",\"name\":\"Safe Mode Sas\",\"url\":\"http:\/\/smsafemode.com\/tienda\/\",\"logo\":{\"@type\":\"ImageObject\",\"inLanguage\":\"es\",\"@id\":\"http:\/\/smsafemode.com\/tienda\/#\/schema\/logo\/image\/\",\"url\":\"https:\/\/storage.googleapis.com\/stateless-smsafemode-com\/2019\/01\/26291970407_ec01902df5_o.png\",\"contentUrl\":\"https:\/\/storage.googleapis.com\/stateless-smsafemode-com\/2019\/01\/26291970407_ec01902df5_o.png\",\"width\":425,\"height\":426,\"caption\":\"Safe Mode Sas\"},\"image\":{\"@id\":\"http:\/\/smsafemode.com\/tienda\/#\/schema\/logo\/image\/\"},\"sameAs\":[\"https:\/\/www.facebook.com\/smsafemode\",\"https:\/\/x.com\/SMsafemode\"]}]}<\/script>\n<!-- \/ Yoast SEO plugin. -->","yoast_head_json":{"title":"Asesor\u00eda presencial SST | Tienda Virtual Safe Mode","robots":{"index":"index","follow":"follow","max-snippet":"max-snippet:-1","max-image-preview":"max-image-preview:large","max-video-preview":"max-video-preview:-1"},"canonical":"http:\/\/smsafemode.com\/tienda\/producto\/asesoria-presencial-sst\/","og_locale":"es_ES","og_type":"article","og_title":"Asesor\u00eda presencial SST | Tienda Virtual Safe Mode","og_description":"Este servicio es creado para ofrecerles a las empresas la posibilidad de guiarlos en el proceso de implementaci\u00f3n de SG-SST con el acompa\u00f1amiento presencial de nuestros expertos (el valor de este servicios es por dos horas) SOLO BOGOT\u00c1 Y ALGUNOS MUNICIPIOS ALEDA\u00d1OS","og_url":"http:\/\/smsafemode.com\/tienda\/producto\/asesoria-presencial-sst\/","og_site_name":"Tienda Virtual","article_publisher":"https:\/\/www.facebook.com\/smsafemode","article_modified_time":"2021-09-12T00:47:55+00:00","og_image":[{"url":"https:\/\/farm1.staticflickr.com\/787\/26428487327_085cc2bc73_o.png","type":"","width":"","height":""}],"twitter_card":"summary_large_image","twitter_image":"https:\/\/farm1.staticflickr.com\/787\/26428487327_085cc2bc73_o.png","twitter_site":"@SMsafemode","twitter_misc":{"Tiempo de lectura":"2 minutos"},"schema":{"@context":"https:\/\/schema.org","@graph":[{"@type":"WebPage","@id":"http:\/\/smsafemode.com\/tienda\/producto\/asesoria-presencial-sst\/","url":"http:\/\/smsafemode.com\/tienda\/producto\/asesoria-presencial-sst\/","name":"Asesor\u00eda presencial SST | Tienda Virtual Safe Mode","isPartOf":{"@id":"http:\/\/smsafemode.com\/tienda\/#website"},"primaryImageOfPage":{"@id":"http:\/\/smsafemode.com\/tienda\/producto\/asesoria-presencial-sst\/#primaryimage"},"image":{"@id":"http:\/\/smsafemode.com\/tienda\/producto\/asesoria-presencial-sst\/#primaryimage"},"thumbnailUrl":"https:\/\/farm1.staticflickr.com\/787\/26428487327_085cc2bc73_o.png","datePublished":"2019-01-12T23:52:47+00:00","dateModified":"2021-09-12T00:47:55+00:00","breadcrumb":{"@id":"http:\/\/smsafemode.com\/tienda\/producto\/asesoria-presencial-sst\/#breadcrumb"},"inLanguage":"es","potentialAction":[{"@type":"ReadAction","target":["http:\/\/smsafemode.com\/tienda\/producto\/asesoria-presencial-sst\/"]}]},{"@type":"ImageObject","inLanguage":"es","@id":"http:\/\/smsafemode.com\/tienda\/producto\/asesoria-presencial-sst\/#primaryimage","url":"https:\/\/farm1.staticflickr.com\/787\/26428487327_085cc2bc73_o.png","contentUrl":"https:\/\/farm1.staticflickr.com\/787\/26428487327_085cc2bc73_o.png","width":"703","height":"870","caption":"Asesor\u00eda presencial SST"},{"@type":"BreadcrumbList","@id":"http:\/\/smsafemode.com\/tienda\/producto\/asesoria-presencial-sst\/#breadcrumb","itemListElement":[{"@type":"ListItem","position":1,"name":"Portada","item":"https:\/\/smsafemode.com\/tienda\/"},{"@type":"ListItem","position":2,"name":"Inicio","item":"https:\/\/smsafemode.com\/tienda\/"},{"@type":"ListItem","position":3,"name":"Asesor\u00eda presencial SST"}]},{"@type":"WebSite","@id":"http:\/\/smsafemode.com\/tienda\/#website","url":"http:\/\/smsafemode.com\/tienda\/","name":"Tienda Virtual","description":"Todas nuestras soluciones a un clic","publisher":{"@id":"http:\/\/smsafemode.com\/tienda\/#organization"},"potentialAction":[{"@type":"SearchAction","target":{"@type":"EntryPoint","urlTemplate":"http:\/\/smsafemode.com\/tienda\/?s={search_term_string}"},"query-input":{"@type":"PropertyValueSpecification","valueRequired":true,"valueName":"search_term_string"}}],"inLanguage":"es"},{"@type":"Organization","@id":"http:\/\/smsafemode.com\/tienda\/#organization","name":"Safe Mode Sas","url":"http:\/\/smsafemode.com\/tienda\/","logo":{"@type":"ImageObject","inLanguage":"es","@id":"http:\/\/smsafemode.com\/tienda\/#\/schema\/logo\/image\/","url":"https:\/\/storage.googleapis.com\/stateless-smsafemode-com\/2019\/01\/26291970407_ec01902df5_o.png","contentUrl":"https:\/\/storage.googleapis.com\/stateless-smsafemode-com\/2019\/01\/26291970407_ec01902df5_o.png","width":425,"height":426,"caption":"Safe Mode Sas"},"image":{"@id":"http:\/\/smsafemode.com\/tienda\/#\/schema\/logo\/image\/"},"sameAs":["https:\/\/www.facebook.com\/smsafemode","https:\/\/x.com\/SMsafemode"]}]}},"_links":{"self":[{"href":"https:\/\/smsafemode.com\/tienda\/wp-json\/wp\/v2\/product\/12","targetHints":{"allow":["GET"]}}],"collection":[{"href":"https:\/\/smsafemode.com\/tienda\/wp-json\/wp\/v2\/product"}],"about":[{"href":"https:\/\/smsafemode.com\/tienda\/wp-json\/wp\/v2\/types\/product"}],"wp:featuredmedia":[{"embeddable":true,"href":"https:\/\/smsafemode.com\/tienda\/wp-json\/wp\/v2\/media\/31"}],"wp:attachment":[{"href":"https:\/\/smsafemode.com\/tienda\/wp-json\/wp\/v2\/media?parent=12"}],"wp:term":[{"taxonomy":"product_brand","embeddable":true,"href":"https:\/\/smsafemode.com\/tienda\/wp-json\/wp\/v2\/product_brand?post=12"},{"taxonomy":"product_cat","embeddable":true,"href":"https:\/\/smsafemode.com\/tienda\/wp-json\/wp\/v2\/product_cat?post=12"},{"taxonomy":"product_tag","embeddable":true,"href":"https:\/\/smsafemode.com\/tienda\/wp-json\/wp\/v2\/product_tag?post=12"}],"curies":[{"name":"wp","href":"https:\/\/api.w.org\/{rel}","templated":true}]}}