{"id":117,"date":"2019-03-09T01:11:18","date_gmt":"2019-03-09T01:11:18","guid":{"rendered":"http:\/\/smsafemode.com\/tienda\/?post_type=product&#038;p=117"},"modified":"2026-01-18T18:49:45","modified_gmt":"2026-01-18T23:49:45","slug":"formato-de-auto-reporte-de-actos-y-condiciones-peligrosas-excel","status":"publish","type":"product","link":"https:\/\/smsafemode.com\/tienda\/producto\/formato-de-auto-reporte-de-actos-y-condiciones-peligrosas-excel\/","title":{"rendered":"Formato  de Auto Reporte de actos y condiciones peligrosas &#8211; Excel"},"content":{"rendered":"<p><img loading=\"lazy\" decoding=\"async\" class=\"alignright\" src=\"https:\/\/firebasestorage.googleapis.com\/v0\/b\/safe-mode.appspot.com\/o\/smsafemode.com%2Ftienda%20virtual%20SM%2Fproductos%2Fproductos%20de%20tienda%20virtual%2Fformato%20de%20autoreporte%20de%20actos%20y%20condiciones.png?alt=media&amp;token=ae08fa35-3fe7-43b8-a1f0-c618c7cc5162\" width=\"496\" height=\"612\" \/>Este es un formato en Excel gracias al cual los trabajadores de su empresa podr\u00e1n realizar de forma f\u00e1cil y efectiva realizar reportes tanto de actos como de condiciones peligrosas, gracias a este sistema puede dar cumplimiento con lo establecido en el est\u00e1ndar del Sistema de Gesti\u00f3n de Seguridad y Salud en el Trabajo establecidos en la <em><strong>resoluci\u00f3n 1111 de 2017 articulo 12, \u00edtem 2.8.1 Mecanismos de comunicaci\u00f3n, auto reporte en Sistema de Gesti\u00f3n de Seguridad y Salud en el Trabajo SG-SST<\/strong><\/em>.<\/p>\n<p>Caracter\u00edsticas de formato:<\/p>\n<ul>\n<li>Incluye formato para editable para hacer cambios<\/li>\n<li>Incluye formato formulado para diligenciar a computador<\/li>\n<li>Al descargar el formato se incluye versi\u00f3n en Excel compatible para cualquier Office con formatos adecuados a para Office 97-2003, Oficce 2010, Office 2013 y Office 365<\/li>\n<li>Documento abierto para realizar modificaciones en caso de ser necesario en una pesta\u00f1a sin protecci\u00f3n<\/li>\n<li>Opci\u00f3n formulada para establecer codificaci\u00f3n de formato, versi\u00f3n de documento y fecha de elaboraci\u00f3n.<\/li>\n<li>Opci\u00f3n formulada en primera pesta\u00f1a para dejar el formato diligenciado en digital<\/li>\n<li>Pesta\u00f1a para control de formato editable<\/li>\n<li>Espacio para logotipo de empresa o compa\u00f1\u00eda<\/li>\n<li>Recurso disponible para descarga ilimitada* desde el espacio de usuario en nuestra tienda virtual.<\/li>\n<li>El formato est\u00e1 optimizado para ocupar poco espacio.<\/li>\n<\/ul>\n<p>El tiempo de gesti\u00f3n documental con nuestro servicio de plantillas de documentos ahorras tiempo, dinero y puedes contar con documentaci\u00f3n creada por profesionales que han aplicado estos modelos en SG-SST de empresas de distintos sectores econ\u00f3micos.<\/p>\n<div class=\"gca-utility clearfix\"><\/div>\n<hr \/>\n<h3>Una vista r\u00e1pida del formato de auto reporte<\/h3>\n<p><iframe loading=\"lazy\" title=\"Formato de auto reporte\" width=\"843\" height=\"474\" src=\"https:\/\/www.youtube.com\/embed\/5Pm7rvLD7d8?feature=oembed&#038;enablejsapi=1&#038;origin=https:\/\/smsafemode.com\" frameborder=\"0\" allow=\"accelerometer; autoplay; clipboard-write; encrypted-media; gyroscope; picture-in-picture; web-share\" referrerpolicy=\"strict-origin-when-cross-origin\" allowfullscreen><\/iframe><\/p>\n<h6>*El formato se puede descargar de manera ilimitada por 6 meses ingresando al \u00e1rea de usuario de la tienda virtual, lo cual permite actualizaciones hasta por 6 meses sin ning\u00fan costo adicional para cambios que realicen nuestros editores o documentadores.<\/h6>\n<p>&nbsp;<\/p>\n","protected":false},"excerpt":{"rendered":"<p>Descarga un formato abierto en Excel ideal para el cumplimiento del punto 2.8.1 \u00a0de la resoluci\u00f3n 1111 de 2017 \u201cMecanismos de comunicaci\u00f3n, auto reporte en Sistema de Gesti\u00f3n de Seguridad y Salud en el Trabajo SG-SST\u201d.<\/p>\n","protected":false},"featured_media":857,"template":"","meta":{"inline_featured_image":false,"_joinchat":[]},"product_brand":[],"product_cat":[137],"product_tag":[133,126,132,135,128,130,129,127,131,134,50,52,136],"class_list":{"0":"post-117","1":"product","2":"type-product","3":"status-publish","4":"has-post-thumbnail","6":"product_cat-formatos","7":"product_tag-2-8-1-mecanismos-de-comunicacion","8":"product_tag-auto-reporte","9":"product_tag-auto-reporte-sst","10":"product_tag-descarga","11":"product_tag-descargar-formato","12":"product_tag-formato-digital","13":"product_tag-formato-editable","14":"product_tag-formato-en-excel","15":"product_tag-formato-sg-sst","16":"product_tag-formatos","17":"product_tag-resolucion-1111","18":"product_tag-sg-sst","19":"product_tag-sistema-de-gestion-de-seguridad-y-salud-en-el-trabajo","21":"first","22":"instock","23":"downloadable","24":"sold-individually","25":"taxable","26":"shipping-taxable","27":"purchasable","28":"product-type-simple","29":"customify-col"},"yoast_head":"<!-- This site is optimized with the Yoast SEO plugin v26.7 - https:\/\/yoast.com\/wordpress\/plugins\/seo\/ -->\n<title>Formato de Auto Reporte de actos y condiciones peligrosas - Excel | Tienda Virtual Safe Mode<\/title>\n<meta name=\"robots\" content=\"index, follow, max-snippet:-1, max-image-preview:large, max-video-preview:-1\" \/>\n<link rel=\"canonical\" href=\"https:\/\/smsafemode.com\/tienda\/producto\/formato-de-auto-reporte-de-actos-y-condiciones-peligrosas-excel\/\" \/>\n<meta property=\"og:locale\" content=\"es_ES\" \/>\n<meta property=\"og:type\" content=\"article\" \/>\n<meta property=\"og:title\" content=\"Formato de Auto Reporte de actos y condiciones peligrosas - Excel | Tienda Virtual Safe Mode\" \/>\n<meta property=\"og:description\" content=\"Descarga un formato abierto en Excel ideal para el cumplimiento del punto 2.8.1 \u00a0de la resoluci\u00f3n 1111 de 2017 \u201cMecanismos de comunicaci\u00f3n, auto reporte en Sistema de Gesti\u00f3n de Seguridad y Salud en el Trabajo SG-SST\u201d.\" \/>\n<meta property=\"og:url\" content=\"https:\/\/smsafemode.com\/tienda\/producto\/formato-de-auto-reporte-de-actos-y-condiciones-peligrosas-excel\/\" \/>\n<meta property=\"og:site_name\" content=\"Tienda Virtual\" \/>\n<meta property=\"article:publisher\" content=\"https:\/\/www.facebook.com\/smsafemode\" \/>\n<meta property=\"article:modified_time\" content=\"2026-01-18T23:49:45+00:00\" \/>\n<meta property=\"og:image\" content=\"https:\/\/firebasestorage.googleapis.com\/v0\/b\/safe-mode.appspot.com\/o\/smsafemode.com%2Ftienda%20virtual%20SM%2Fproductos%2Fproductos%20de%20tienda%20virtual%2Fformato%20de%20autoreporte.svg?alt=media&token=258d28d8-6845-4fa3-8d48-995fd5eb6e95\" \/>\n<meta name=\"twitter:card\" content=\"summary_large_image\" \/>\n<meta name=\"twitter:image\" content=\"https:\/\/firebasestorage.googleapis.com\/v0\/b\/safe-mode.appspot.com\/o\/smsafemode.com%2Ftienda%20virtual%20SM%2Fproductos%2Fproductos%20de%20tienda%20virtual%2Fformato%20de%20autoreporte.svg?alt=media&token=258d28d8-6845-4fa3-8d48-995fd5eb6e95\" \/>\n<meta name=\"twitter:site\" content=\"@SMsafemode\" \/>\n<meta name=\"twitter:label1\" content=\"Tiempo de lectura\" \/>\n\t<meta name=\"twitter:data1\" content=\"2 minutos\" \/>\n<script type=\"application\/ld+json\" class=\"yoast-schema-graph\">{\"@context\":\"https:\/\/schema.org\",\"@graph\":[{\"@type\":\"WebPage\",\"@id\":\"https:\/\/smsafemode.com\/tienda\/producto\/formato-de-auto-reporte-de-actos-y-condiciones-peligrosas-excel\/\",\"url\":\"https:\/\/smsafemode.com\/tienda\/producto\/formato-de-auto-reporte-de-actos-y-condiciones-peligrosas-excel\/\",\"name\":\"Formato de Auto Reporte de actos y condiciones peligrosas - Excel | Tienda Virtual Safe Mode\",\"isPartOf\":{\"@id\":\"http:\/\/smsafemode.com\/tienda\/#website\"},\"primaryImageOfPage\":{\"@id\":\"https:\/\/smsafemode.com\/tienda\/producto\/formato-de-auto-reporte-de-actos-y-condiciones-peligrosas-excel\/#primaryimage\"},\"image\":{\"@id\":\"https:\/\/smsafemode.com\/tienda\/producto\/formato-de-auto-reporte-de-actos-y-condiciones-peligrosas-excel\/#primaryimage\"},\"thumbnailUrl\":\"https:\/\/firebasestorage.googleapis.com\/v0\/b\/safe-mode.appspot.com\/o\/smsafemode.com%2Ftienda%20virtual%20SM%2Fproductos%2Fproductos%20de%20tienda%20virtual%2Fformato%20de%20autoreporte.svg?alt=media&token=258d28d8-6845-4fa3-8d48-995fd5eb6e95\",\"datePublished\":\"2019-03-09T01:11:18+00:00\",\"dateModified\":\"2026-01-18T23:49:45+00:00\",\"breadcrumb\":{\"@id\":\"https:\/\/smsafemode.com\/tienda\/producto\/formato-de-auto-reporte-de-actos-y-condiciones-peligrosas-excel\/#breadcrumb\"},\"inLanguage\":\"es\",\"potentialAction\":[{\"@type\":\"ReadAction\",\"target\":[\"https:\/\/smsafemode.com\/tienda\/producto\/formato-de-auto-reporte-de-actos-y-condiciones-peligrosas-excel\/\"]}]},{\"@type\":\"ImageObject\",\"inLanguage\":\"es\",\"@id\":\"https:\/\/smsafemode.com\/tienda\/producto\/formato-de-auto-reporte-de-actos-y-condiciones-peligrosas-excel\/#primaryimage\",\"url\":\"https:\/\/firebasestorage.googleapis.com\/v0\/b\/safe-mode.appspot.com\/o\/smsafemode.com%2Ftienda%20virtual%20SM%2Fproductos%2Fproductos%20de%20tienda%20virtual%2Fformato%20de%20autoreporte.svg?alt=media&token=258d28d8-6845-4fa3-8d48-995fd5eb6e95\",\"contentUrl\":\"https:\/\/firebasestorage.googleapis.com\/v0\/b\/safe-mode.appspot.com\/o\/smsafemode.com%2Ftienda%20virtual%20SM%2Fproductos%2Fproductos%20de%20tienda%20virtual%2Fformato%20de%20autoreporte.svg?alt=media&token=258d28d8-6845-4fa3-8d48-995fd5eb6e95\",\"width\":\"518\",\"height\":\"641\",\"caption\":\"Formato de Auto Reporte de actos y condiciones peligrosas \u2013 Excel\"},{\"@type\":\"BreadcrumbList\",\"@id\":\"https:\/\/smsafemode.com\/tienda\/producto\/formato-de-auto-reporte-de-actos-y-condiciones-peligrosas-excel\/#breadcrumb\",\"itemListElement\":[{\"@type\":\"ListItem\",\"position\":1,\"name\":\"Portada\",\"item\":\"https:\/\/smsafemode.com\/tienda\/\"},{\"@type\":\"ListItem\",\"position\":2,\"name\":\"Inicio\",\"item\":\"https:\/\/smsafemode.com\/tienda\/\"},{\"@type\":\"ListItem\",\"position\":3,\"name\":\"Formato de Auto Reporte de actos y condiciones peligrosas &#8211; Excel\"}]},{\"@type\":\"WebSite\",\"@id\":\"http:\/\/smsafemode.com\/tienda\/#website\",\"url\":\"http:\/\/smsafemode.com\/tienda\/\",\"name\":\"Tienda Virtual\",\"description\":\"Todas nuestras soluciones a un clic\",\"publisher\":{\"@id\":\"http:\/\/smsafemode.com\/tienda\/#organization\"},\"potentialAction\":[{\"@type\":\"SearchAction\",\"target\":{\"@type\":\"EntryPoint\",\"urlTemplate\":\"http:\/\/smsafemode.com\/tienda\/?s={search_term_string}\"},\"query-input\":{\"@type\":\"PropertyValueSpecification\",\"valueRequired\":true,\"valueName\":\"search_term_string\"}}],\"inLanguage\":\"es\"},{\"@type\":\"Organization\",\"@id\":\"http:\/\/smsafemode.com\/tienda\/#organization\",\"name\":\"Safe Mode Sas\",\"url\":\"http:\/\/smsafemode.com\/tienda\/\",\"logo\":{\"@type\":\"ImageObject\",\"inLanguage\":\"es\",\"@id\":\"http:\/\/smsafemode.com\/tienda\/#\/schema\/logo\/image\/\",\"url\":\"https:\/\/storage.googleapis.com\/stateless-smsafemode-com\/2019\/01\/26291970407_ec01902df5_o.png\",\"contentUrl\":\"https:\/\/storage.googleapis.com\/stateless-smsafemode-com\/2019\/01\/26291970407_ec01902df5_o.png\",\"width\":425,\"height\":426,\"caption\":\"Safe Mode Sas\"},\"image\":{\"@id\":\"http:\/\/smsafemode.com\/tienda\/#\/schema\/logo\/image\/\"},\"sameAs\":[\"https:\/\/www.facebook.com\/smsafemode\",\"https:\/\/x.com\/SMsafemode\"]}]}<\/script>\n<!-- \/ Yoast SEO plugin. -->","yoast_head_json":{"title":"Formato de Auto Reporte de actos y condiciones peligrosas - Excel | Tienda Virtual Safe Mode","robots":{"index":"index","follow":"follow","max-snippet":"max-snippet:-1","max-image-preview":"max-image-preview:large","max-video-preview":"max-video-preview:-1"},"canonical":"https:\/\/smsafemode.com\/tienda\/producto\/formato-de-auto-reporte-de-actos-y-condiciones-peligrosas-excel\/","og_locale":"es_ES","og_type":"article","og_title":"Formato de Auto Reporte de actos y condiciones peligrosas - Excel | Tienda Virtual Safe Mode","og_description":"Descarga un formato abierto en Excel ideal para el cumplimiento del punto 2.8.1 \u00a0de la resoluci\u00f3n 1111 de 2017 \u201cMecanismos de comunicaci\u00f3n, auto reporte en Sistema de Gesti\u00f3n de Seguridad y Salud en el Trabajo SG-SST\u201d.","og_url":"https:\/\/smsafemode.com\/tienda\/producto\/formato-de-auto-reporte-de-actos-y-condiciones-peligrosas-excel\/","og_site_name":"Tienda Virtual","article_publisher":"https:\/\/www.facebook.com\/smsafemode","article_modified_time":"2026-01-18T23:49:45+00:00","og_image":[{"url":"https:\/\/firebasestorage.googleapis.com\/v0\/b\/safe-mode.appspot.com\/o\/smsafemode.com%2Ftienda%20virtual%20SM%2Fproductos%2Fproductos%20de%20tienda%20virtual%2Fformato%20de%20autoreporte.svg?alt=media&token=258d28d8-6845-4fa3-8d48-995fd5eb6e95","type":"","width":"","height":""}],"twitter_card":"summary_large_image","twitter_image":"https:\/\/firebasestorage.googleapis.com\/v0\/b\/safe-mode.appspot.com\/o\/smsafemode.com%2Ftienda%20virtual%20SM%2Fproductos%2Fproductos%20de%20tienda%20virtual%2Fformato%20de%20autoreporte.svg?alt=media&token=258d28d8-6845-4fa3-8d48-995fd5eb6e95","twitter_site":"@SMsafemode","twitter_misc":{"Tiempo de lectura":"2 minutos"},"schema":{"@context":"https:\/\/schema.org","@graph":[{"@type":"WebPage","@id":"https:\/\/smsafemode.com\/tienda\/producto\/formato-de-auto-reporte-de-actos-y-condiciones-peligrosas-excel\/","url":"https:\/\/smsafemode.com\/tienda\/producto\/formato-de-auto-reporte-de-actos-y-condiciones-peligrosas-excel\/","name":"Formato de Auto Reporte de actos y condiciones peligrosas - Excel | Tienda Virtual Safe Mode","isPartOf":{"@id":"http:\/\/smsafemode.com\/tienda\/#website"},"primaryImageOfPage":{"@id":"https:\/\/smsafemode.com\/tienda\/producto\/formato-de-auto-reporte-de-actos-y-condiciones-peligrosas-excel\/#primaryimage"},"image":{"@id":"https:\/\/smsafemode.com\/tienda\/producto\/formato-de-auto-reporte-de-actos-y-condiciones-peligrosas-excel\/#primaryimage"},"thumbnailUrl":"https:\/\/firebasestorage.googleapis.com\/v0\/b\/safe-mode.appspot.com\/o\/smsafemode.com%2Ftienda%20virtual%20SM%2Fproductos%2Fproductos%20de%20tienda%20virtual%2Fformato%20de%20autoreporte.svg?alt=media&token=258d28d8-6845-4fa3-8d48-995fd5eb6e95","datePublished":"2019-03-09T01:11:18+00:00","dateModified":"2026-01-18T23:49:45+00:00","breadcrumb":{"@id":"https:\/\/smsafemode.com\/tienda\/producto\/formato-de-auto-reporte-de-actos-y-condiciones-peligrosas-excel\/#breadcrumb"},"inLanguage":"es","potentialAction":[{"@type":"ReadAction","target":["https:\/\/smsafemode.com\/tienda\/producto\/formato-de-auto-reporte-de-actos-y-condiciones-peligrosas-excel\/"]}]},{"@type":"ImageObject","inLanguage":"es","@id":"https:\/\/smsafemode.com\/tienda\/producto\/formato-de-auto-reporte-de-actos-y-condiciones-peligrosas-excel\/#primaryimage","url":"https:\/\/firebasestorage.googleapis.com\/v0\/b\/safe-mode.appspot.com\/o\/smsafemode.com%2Ftienda%20virtual%20SM%2Fproductos%2Fproductos%20de%20tienda%20virtual%2Fformato%20de%20autoreporte.svg?alt=media&token=258d28d8-6845-4fa3-8d48-995fd5eb6e95","contentUrl":"https:\/\/firebasestorage.googleapis.com\/v0\/b\/safe-mode.appspot.com\/o\/smsafemode.com%2Ftienda%20virtual%20SM%2Fproductos%2Fproductos%20de%20tienda%20virtual%2Fformato%20de%20autoreporte.svg?alt=media&token=258d28d8-6845-4fa3-8d48-995fd5eb6e95","width":"518","height":"641","caption":"Formato de Auto Reporte de actos y condiciones peligrosas \u2013 Excel"},{"@type":"BreadcrumbList","@id":"https:\/\/smsafemode.com\/tienda\/producto\/formato-de-auto-reporte-de-actos-y-condiciones-peligrosas-excel\/#breadcrumb","itemListElement":[{"@type":"ListItem","position":1,"name":"Portada","item":"https:\/\/smsafemode.com\/tienda\/"},{"@type":"ListItem","position":2,"name":"Inicio","item":"https:\/\/smsafemode.com\/tienda\/"},{"@type":"ListItem","position":3,"name":"Formato de Auto Reporte de actos y condiciones peligrosas &#8211; Excel"}]},{"@type":"WebSite","@id":"http:\/\/smsafemode.com\/tienda\/#website","url":"http:\/\/smsafemode.com\/tienda\/","name":"Tienda Virtual","description":"Todas nuestras soluciones a un clic","publisher":{"@id":"http:\/\/smsafemode.com\/tienda\/#organization"},"potentialAction":[{"@type":"SearchAction","target":{"@type":"EntryPoint","urlTemplate":"http:\/\/smsafemode.com\/tienda\/?s={search_term_string}"},"query-input":{"@type":"PropertyValueSpecification","valueRequired":true,"valueName":"search_term_string"}}],"inLanguage":"es"},{"@type":"Organization","@id":"http:\/\/smsafemode.com\/tienda\/#organization","name":"Safe Mode Sas","url":"http:\/\/smsafemode.com\/tienda\/","logo":{"@type":"ImageObject","inLanguage":"es","@id":"http:\/\/smsafemode.com\/tienda\/#\/schema\/logo\/image\/","url":"https:\/\/storage.googleapis.com\/stateless-smsafemode-com\/2019\/01\/26291970407_ec01902df5_o.png","contentUrl":"https:\/\/storage.googleapis.com\/stateless-smsafemode-com\/2019\/01\/26291970407_ec01902df5_o.png","width":425,"height":426,"caption":"Safe Mode Sas"},"image":{"@id":"http:\/\/smsafemode.com\/tienda\/#\/schema\/logo\/image\/"},"sameAs":["https:\/\/www.facebook.com\/smsafemode","https:\/\/x.com\/SMsafemode"]}]}},"_links":{"self":[{"href":"https:\/\/smsafemode.com\/tienda\/wp-json\/wp\/v2\/product\/117","targetHints":{"allow":["GET"]}}],"collection":[{"href":"https:\/\/smsafemode.com\/tienda\/wp-json\/wp\/v2\/product"}],"about":[{"href":"https:\/\/smsafemode.com\/tienda\/wp-json\/wp\/v2\/types\/product"}],"wp:featuredmedia":[{"embeddable":true,"href":"https:\/\/smsafemode.com\/tienda\/wp-json\/wp\/v2\/media\/857"}],"wp:attachment":[{"href":"https:\/\/smsafemode.com\/tienda\/wp-json\/wp\/v2\/media?parent=117"}],"wp:term":[{"taxonomy":"product_brand","embeddable":true,"href":"https:\/\/smsafemode.com\/tienda\/wp-json\/wp\/v2\/product_brand?post=117"},{"taxonomy":"product_cat","embeddable":true,"href":"https:\/\/smsafemode.com\/tienda\/wp-json\/wp\/v2\/product_cat?post=117"},{"taxonomy":"product_tag","embeddable":true,"href":"https:\/\/smsafemode.com\/tienda\/wp-json\/wp\/v2\/product_tag?post=117"}],"curies":[{"name":"wp","href":"https:\/\/api.w.org\/{rel}","templated":true}]}}